{"id":2271,"date":"2025-02-20T14:04:03","date_gmt":"2025-02-20T17:04:03","guid":{"rendered":"https:\/\/ecch-bue.infd.edu.ar\/sitio\/?page_id=2271"},"modified":"2025-02-20T14:33:27","modified_gmt":"2025-02-20T17:33:27","slug":"equivalencias","status":"publish","type":"page","link":"https:\/\/ecch-bue.infd.edu.ar\/sitio\/equivalencias\/","title":{"rendered":"Equivalencias"},"content":{"rendered":"\n<p class=\"has-medium-font-size\"><strong>Solicitud de equivalencias<\/strong><\/p>\n\n\n\n<p><strong>Equivalencia autom\u00e1tica: <\/strong>se otorgar\u00e1 equivalencia autom\u00e1tica cuando se trate de unidades curriculares con la misma denominaci\u00f3n y contenidos en los planes de estudio de las carreras vigentes en la jurisdicci\u00f3n<\/p>\n\n\n\n<p><strong>Pautas para solicitud y acreditaci\u00f3n de unidades curriculares por equivalencia autom\u00e1tica<\/strong>: <\/p>\n\n\n\n<ul>\n<li>Solicitar mediante formulario online antes del 30 de abril de cada a\u00f1o, el reconocimiento de equivalencias de unidades curriculares acreditadas en la misma o en otra instituci\u00f3n del nivel superior de la jurisdicci\u00f3n. <\/li>\n\n\n\n<li>Acompa\u00f1ar la solicitud con el certificado anal\u00edtico de estudios realizados<\/li>\n\n\n\n<li>Cursar la unidad curricular cuya acreditaci\u00f3n se solicita por equivalencia, hasta tanto se le confirme fehacientemente que se le otorg\u00f3 lo solicitado. <\/li>\n<\/ul>\n\n\n\n<p>Dentro de los 72 hs h\u00e1biles de recibido el formulario completo acompa\u00f1ado de la documentaci\u00f3n, el equipo directivo resolver\u00e1 la solicitud y notificar\u00e1 a la o el estudiante. En caso de la denegaci\u00f3n por no ser igual denominaci\u00f3n y contenido seg\u00fan los dise\u00f1os curriculares de la jurisdicci\u00f3n, se orientar\u00e1 para que la persona interesada realice el procedimiento adecuado.<\/p>\n\n\n\n<figure class=\"wp-block-pullquote has-text-align-center has-small-font-size\" style=\"border-width:8px;border-radius:80px;font-style:normal;font-weight:600\"><blockquote><p><strong>LINK AL FORMULARIO DE SOLICITUD DE EQUIVALENCIAS:<\/strong><br><a rel=\"noreferrer noopener\" href=\"https:\/\/forms.gle\/W8zB7vB39SG3T8YZ6\" target=\"_blank\">https:\/\/forms.gle\/W8zB7vB39SG3T8YZ6<\/a><\/p><\/blockquote><\/figure>\n","protected":false},"excerpt":{"rendered":"<p>Solicitud de equivalencias Equivalencia autom\u00e1tica: se otorgar\u00e1 equivalencia autom\u00e1tica cuando se trate de unidades curriculares con la misma denominaci\u00f3n y contenidos en los planes de estudio de las carreras vigentes en la jurisdicci\u00f3n Pautas para solicitud y acreditaci\u00f3n de unidades curriculares por equivalencia autom\u00e1tica: Dentro de los 72 hs h\u00e1biles de recibido el formulario completo &#8230; <a title=\"Equivalencias\" class=\"read-more\" href=\"https:\/\/ecch-bue.infd.edu.ar\/sitio\/equivalencias\/\" aria-label=\"More on Equivalencias\">[+]<\/a><\/p>\n","protected":false},"author":47,"featured_media":0,"parent":0,"menu_order":0,"comment_status":"closed","ping_status":"closed","template":"","meta":[],"acf":[],"_links":{"self":[{"href":"https:\/\/ecch-bue.infd.edu.ar\/sitio\/wp-json\/wp\/v2\/pages\/2271"}],"collection":[{"href":"https:\/\/ecch-bue.infd.edu.ar\/sitio\/wp-json\/wp\/v2\/pages"}],"about":[{"href":"https:\/\/ecch-bue.infd.edu.ar\/sitio\/wp-json\/wp\/v2\/types\/page"}],"author":[{"embeddable":true,"href":"https:\/\/ecch-bue.infd.edu.ar\/sitio\/wp-json\/wp\/v2\/users\/47"}],"replies":[{"embeddable":true,"href":"https:\/\/ecch-bue.infd.edu.ar\/sitio\/wp-json\/wp\/v2\/comments?post=2271"}],"version-history":[{"count":4,"href":"https:\/\/ecch-bue.infd.edu.ar\/sitio\/wp-json\/wp\/v2\/pages\/2271\/revisions"}],"predecessor-version":[{"id":2275,"href":"https:\/\/ecch-bue.infd.edu.ar\/sitio\/wp-json\/wp\/v2\/pages\/2271\/revisions\/2275"}],"wp:attachment":[{"href":"https:\/\/ecch-bue.infd.edu.ar\/sitio\/wp-json\/wp\/v2\/media?parent=2271"}],"curies":[{"name":"wp","href":"https:\/\/api.w.org\/{rel}","templated":true}]}}