{"id":2303,"date":"2025-03-05T17:07:08","date_gmt":"2025-03-05T20:07:08","guid":{"rendered":"https:\/\/ecch-bue.infd.edu.ar\/sitio\/?page_id=2303"},"modified":"2025-03-13T09:04:31","modified_gmt":"2025-03-13T12:04:31","slug":"estudiantes","status":"publish","type":"page","link":"https:\/\/ecch-bue.infd.edu.ar\/sitio\/estudiantes\/","title":{"rendered":"Estudiantes"},"content":{"rendered":"\n<p><strong>Tu espacio de informaci\u00f3n acad\u00e9mica &#x1f4da;&#x2728;<\/strong><\/p>\n\n\n\n<p>Este espacio est\u00e1 pensado para que encuentres toda la informaci\u00f3n que necesit\u00e1s para tu vida acad\u00e9mica. Aqu\u00ed podr\u00e1s acceder a noticias, fechas importantes, inscripciones, materiales de estudio y mucho m\u00e1s.<\/p>\n\n\n\n<p>Te invitamos a visitar el sitio con frecuencia para mantenerte actualizado y aprovechar al m\u00e1ximo tu experiencia educativa. <br>\u00a1Tu camino al conocimiento empieza aqu\u00ed! &#x1f680;<\/p>\n\n\n\n<p class=\"has-medium-font-size\"><a href=\"https:\/\/ecch-bue.infd.edu.ar\/sitio\/horarios\/\" data-type=\"URL\" data-id=\"https:\/\/ecch-bue.infd.edu.ar\/sitio\/horarios\/\">HORARIOS<\/a><\/p>\n\n\n\n<p class=\"has-medium-font-size\"><a rel=\"noreferrer noopener\" href=\"https:\/\/ecch-bue.infd.edu.ar\/sitio\/equivalencias\/\" data-type=\"URL\" data-id=\"https:\/\/ecch-bue.infd.edu.ar\/sitio\/equivalencias\/\" target=\"_blank\">EQUIVALENCIAS<\/a><\/p>\n\n\n\n<p><a href=\"https:\/\/ecch-bue.infd.edu.ar\/sitio\/planillas-de-inscripcion\/\">PLANILLAS DE INSCRPCI\u00d3N GENERAL Y DE CARRERAS<\/a><\/p>\n","protected":false},"excerpt":{"rendered":"<p>Tu espacio de informaci\u00f3n acad\u00e9mica &#x1f4da;&#x2728; Este espacio est\u00e1 pensado para que encuentres toda la informaci\u00f3n que necesit\u00e1s para tu vida acad\u00e9mica. Aqu\u00ed podr\u00e1s acceder a noticias, fechas importantes, inscripciones, materiales de estudio y mucho m\u00e1s. Te invitamos a visitar el sitio con frecuencia para mantenerte actualizado y aprovechar al m\u00e1ximo tu experiencia educativa. \u00a1Tu &#8230; <a title=\"Estudiantes\" class=\"read-more\" href=\"https:\/\/ecch-bue.infd.edu.ar\/sitio\/estudiantes\/\" aria-label=\"More on Estudiantes\">[+]<\/a><\/p>\n","protected":false},"author":47,"featured_media":0,"parent":0,"menu_order":0,"comment_status":"closed","ping_status":"closed","template":"","meta":[],"acf":[],"_links":{"self":[{"href":"https:\/\/ecch-bue.infd.edu.ar\/sitio\/wp-json\/wp\/v2\/pages\/2303"}],"collection":[{"href":"https:\/\/ecch-bue.infd.edu.ar\/sitio\/wp-json\/wp\/v2\/pages"}],"about":[{"href":"https:\/\/ecch-bue.infd.edu.ar\/sitio\/wp-json\/wp\/v2\/types\/page"}],"author":[{"embeddable":true,"href":"https:\/\/ecch-bue.infd.edu.ar\/sitio\/wp-json\/wp\/v2\/users\/47"}],"replies":[{"embeddable":true,"href":"https:\/\/ecch-bue.infd.edu.ar\/sitio\/wp-json\/wp\/v2\/comments?post=2303"}],"version-history":[{"count":3,"href":"https:\/\/ecch-bue.infd.edu.ar\/sitio\/wp-json\/wp\/v2\/pages\/2303\/revisions"}],"predecessor-version":[{"id":2328,"href":"https:\/\/ecch-bue.infd.edu.ar\/sitio\/wp-json\/wp\/v2\/pages\/2303\/revisions\/2328"}],"wp:attachment":[{"href":"https:\/\/ecch-bue.infd.edu.ar\/sitio\/wp-json\/wp\/v2\/media?parent=2303"}],"curies":[{"name":"wp","href":"https:\/\/api.w.org\/{rel}","templated":true}]}}