{"id":2344,"date":"2025-07-04T11:08:56","date_gmt":"2025-07-04T14:08:56","guid":{"rendered":"https:\/\/ecch-bue.infd.edu.ar\/sitio\/?page_id=2344"},"modified":"2025-07-04T11:08:57","modified_gmt":"2025-07-04T14:08:57","slug":"cooperadora","status":"publish","type":"page","link":"https:\/\/ecch-bue.infd.edu.ar\/sitio\/cooperadora\/","title":{"rendered":"Cooperadora"},"content":{"rendered":"\n<p><strong>La historia de nuestra cooperadora <\/strong><\/p>\n\n\n\n<p>La cooperadora de la Escuela de Cer\u00e1mica de Chascom\u00fas nace del compromiso y la participaci\u00f3n activa de los miembros de la comunidad educativa en Mayo del a\u00f1o 1975. Desde sus inicios, ha tenido como objetivo acompa\u00f1ar y fortalecer los proyectos pedag\u00f3gicos, culturales y de infraestructura de la instituci\u00f3n, generando v\u00ednculos solidarios y promoviendo el trabajo colectivo.<\/p>\n\n\n\n<p>A lo largo del tiempo, la cooperadora ha impulsado numerosas acciones que han contribuido al bienestar de estudiantes, docentes y auxiliares: desde mejoras edilicias hasta la adquisici\u00f3n de materiales did\u00e1cticos y el apoyo a actividades extracurriculares. Su labor se sostiene gracias al aporte voluntario y el esfuerzo conjunto de quienes creen en una instituci\u00f3n p\u00fablica viva y participativa.<\/p>\n\n\n\n<p><strong>Un espacio para compartir y sumar<\/strong><\/p>\n\n\n\n<p>En nuestra p\u00e1gina web, incorporamos un nuevo espacio dedicado exclusivamente a la cooperadora. All\u00ed se podr\u00e1n conocer las actividades que se est\u00e1n llevando a cabo, los proyectos en marcha, rendiciones de cuentas y formas de colaborar. <br>Tambi\u00e9n se habilitar\u00e1 una v\u00eda de contacto para sumar ideas, hacer consultas o integrarse al equipo de trabajo.<\/p>\n\n\n\n<p>Este espacio busca ser una herramienta de transparencia, encuentro y comunicaci\u00f3n, que refleje el esp\u00edritu participativo que sostiene nuestra comunidad educativa.<\/p>\n","protected":false},"excerpt":{"rendered":"<p>La historia de nuestra cooperadora La cooperadora de la Escuela de Cer\u00e1mica de Chascom\u00fas nace del compromiso y la participaci\u00f3n activa de los miembros de la comunidad educativa en Mayo del a\u00f1o 1975. Desde sus inicios, ha tenido como objetivo acompa\u00f1ar y fortalecer los proyectos pedag\u00f3gicos, culturales y de infraestructura de la instituci\u00f3n, generando v\u00ednculos &#8230; <a title=\"Cooperadora\" class=\"read-more\" href=\"https:\/\/ecch-bue.infd.edu.ar\/sitio\/cooperadora\/\" aria-label=\"More on Cooperadora\">[+]<\/a><\/p>\n","protected":false},"author":47,"featured_media":0,"parent":0,"menu_order":0,"comment_status":"closed","ping_status":"closed","template":"","meta":[],"acf":[],"_links":{"self":[{"href":"https:\/\/ecch-bue.infd.edu.ar\/sitio\/wp-json\/wp\/v2\/pages\/2344"}],"collection":[{"href":"https:\/\/ecch-bue.infd.edu.ar\/sitio\/wp-json\/wp\/v2\/pages"}],"about":[{"href":"https:\/\/ecch-bue.infd.edu.ar\/sitio\/wp-json\/wp\/v2\/types\/page"}],"author":[{"embeddable":true,"href":"https:\/\/ecch-bue.infd.edu.ar\/sitio\/wp-json\/wp\/v2\/users\/47"}],"replies":[{"embeddable":true,"href":"https:\/\/ecch-bue.infd.edu.ar\/sitio\/wp-json\/wp\/v2\/comments?post=2344"}],"version-history":[{"count":2,"href":"https:\/\/ecch-bue.infd.edu.ar\/sitio\/wp-json\/wp\/v2\/pages\/2344\/revisions"}],"predecessor-version":[{"id":2347,"href":"https:\/\/ecch-bue.infd.edu.ar\/sitio\/wp-json\/wp\/v2\/pages\/2344\/revisions\/2347"}],"wp:attachment":[{"href":"https:\/\/ecch-bue.infd.edu.ar\/sitio\/wp-json\/wp\/v2\/media?parent=2344"}],"curies":[{"name":"wp","href":"https:\/\/api.w.org\/{rel}","templated":true}]}}