{"id":2438,"date":"2025-11-07T11:53:51","date_gmt":"2025-11-07T14:53:51","guid":{"rendered":"https:\/\/ecch-bue.infd.edu.ar\/sitio\/?page_id=2438"},"modified":"2025-11-07T11:54:05","modified_gmt":"2025-11-07T14:54:05","slug":"preinscripcion-siu-guarani","status":"publish","type":"page","link":"https:\/\/ecch-bue.infd.edu.ar\/sitio\/preinscripcion-siu-guarani\/","title":{"rendered":"Preinscripci\u00f3n SIU Guaran\u00ed"},"content":{"rendered":"\n<p>Este a\u00f1o, por primera vez, las preinscripciones al ciclo lectivo 2026 de la Escuela de Cer\u00e1mica de Chascom\u00fas se realizar\u00e1\u00a0de forma online, a trav\u00e9s del nuevo sistema SIU Guaran\u00ed.<\/p>\n\n\n\n<p><img decoding=\"async\" src=\"https:\/\/fonts.gstatic.com\/s\/e\/notoemoji\/16.0\/1f4a1\/32.png\" alt=\"&#x1f4a1;\"> \u00bfQu\u00e9 es el SIU Guaran\u00ed?<br><br>Es una plataforma digital del Ecosistema Acad\u00e9mico SIU, utilizada por universidades y ahora tambi\u00e9n por institutos de formaci\u00f3n superior de la provincia de Buenos Aires.<\/p>\n\n\n\n<p>Permite gestionar en l\u00ednea todos los procesos acad\u00e9micos:<br><br><img decoding=\"async\" src=\"https:\/\/fonts.gstatic.com\/s\/e\/notoemoji\/16.0\/27a1_fe0f\/32.png\" alt=\"&#x27a1;&#xfe0f;\"> Inscripciones<br><img decoding=\"async\" src=\"https:\/\/fonts.gstatic.com\/s\/e\/notoemoji\/16.0\/27a1_fe0f\/32.png\" alt=\"&#x27a1;&#xfe0f;\"> Cursadas y materias<br><img decoding=\"async\" src=\"https:\/\/fonts.gstatic.com\/s\/e\/notoemoji\/16.0\/27a1_fe0f\/32.png\" alt=\"&#x27a1;&#xfe0f;\"> Ex\u00e1menes<br><img decoding=\"async\" src=\"https:\/\/fonts.gstatic.com\/s\/e\/notoemoji\/16.0\/27a1_fe0f\/32.png\" alt=\"&#x27a1;&#xfe0f;\"> Certificados<br><img decoding=\"async\" src=\"https:\/\/fonts.gstatic.com\/s\/e\/notoemoji\/16.0\/27a1_fe0f\/32.png\" alt=\"&#x27a1;&#xfe0f;\"> Trayectoria acad\u00e9mica<\/p>\n\n\n\n<p>Adem\u00e1s, se integra con plataformas de educaci\u00f3n a distancia, becas y encuestas.<\/p>\n\n\n\n<p><img decoding=\"async\" src=\"https:\/\/fonts.gstatic.com\/s\/e\/notoemoji\/16.0\/1f4cd\/32.png\" alt=\"&#x1f4cd;\">La Escuela de Cer\u00e1mica de Chascom\u00fas forma parte de las primeras 60 instituciones en implementarlo.<\/p>\n\n\n\n<p><img decoding=\"async\" src=\"https:\/\/fonts.gstatic.com\/s\/e\/notoemoji\/16.0\/1f5d3_fe0f\/32.png\" alt=\"&#x1f5d3;&#xfe0f;\"> Fechas importantes para el Ingreso 2026<br><img decoding=\"async\" src=\"https:\/\/fonts.gstatic.com\/s\/e\/notoemoji\/16.0\/1f393\/32.png\" alt=\"&#x1f393;\"> Tecnicaturas  Apertura: 3 de noviembre<br><img decoding=\"async\" src=\"https:\/\/fonts.gstatic.com\/s\/e\/notoemoji\/16.0\/1f3a8\/32.png\" alt=\"&#x1f3a8;\"> Profesorados  Apertura: 7 de noviembre<\/p>\n\n\n\n<p><img decoding=\"async\" src=\"https:\/\/fonts.gstatic.com\/s\/e\/notoemoji\/16.0\/1f310\/32.png\" alt=\"&#x1f310;\"> La preinscripci\u00f3n se realizar\u00e1 exclusivamente por el portal del SIU Guaran\u00ed, al que podr\u00e1s acceder desde el siguiente link: <a href=\"https:\/\/preinscripcion.guaranipba.siu.edu.ar\/\">https:\/\/preinscripcion.guaranipba.siu.edu.ar\/<\/a><\/p>\n\n\n\n<p><img decoding=\"async\" alt=\"&#x26a0;&#xfe0f;\" src=\"https:\/\/fonts.gstatic.com\/s\/e\/notoemoji\/16.0\/26a0_fe0f\/32.png\">Esta modalidad es para ingresantes a los primeros a\u00f1o de las Carrera <img decoding=\"async\" alt=\"&#x26a0;&#xfe0f;\" src=\"https:\/\/fonts.gstatic.com\/s\/e\/notoemoji\/16.0\/26a0_fe0f\/32.png\"><\/p>\n\n\n\n<p><img decoding=\"async\" alt=\"&#x1f449;\" src=\"https:\/\/fonts.gstatic.com\/s\/e\/notoemoji\/16.0\/1f449\/32.png\"> Este nuevo sistema forma parte del Ecosistema Acad\u00e9mico SIU impulsado por la Direcci\u00f3n General de Cultura y Educaci\u00f3n (DGCyE) de la Provincia de Buenos Aires.<\/p>\n\n\n\n<p><img decoding=\"async\" alt=\"&#x1f469;&#x1f3fc;&#x200d;&#x1f4bb;\" src=\"https:\/\/fonts.gstatic.com\/s\/e\/notoemoji\/16.0\/1f469_1f3fc_200d_1f4bb\/32.png\">Tutorial paso a paso para realizar la preinscripci\u00f3n <img decoding=\"async\" alt=\"&#x1f9d1;&#x1f3fb;&#x200d;&#x1f4bb;\" src=\"https:\/\/fonts.gstatic.com\/s\/e\/notoemoji\/16.0\/1f9d1_1f3fb_200d_1f4bb\/32.png\"><\/p>\n\n\n\n<figure class=\"wp-block-embed is-type-video is-provider-youtube wp-block-embed-youtube wp-embed-aspect-16-9 wp-has-aspect-ratio\"><div class=\"wp-block-embed__wrapper\">\n<iframe loading=\"lazy\" title=\"Tutorial de preinscripciones al Nivel Superior de la educaci\u00f3n bonaerense\" width=\"1200\" height=\"675\" src=\"https:\/\/www.youtube.com\/embed\/1sd8rDHb0nk?feature=oembed\" frameborder=\"0\" allow=\"accelerometer; autoplay; clipboard-write; encrypted-media; gyroscope; picture-in-picture; web-share\" referrerpolicy=\"strict-origin-when-cross-origin\" allowfullscreen><\/iframe>\n<\/div><\/figure>\n","protected":false},"excerpt":{"rendered":"<p>Este a\u00f1o, por primera vez, las preinscripciones al ciclo lectivo 2026 de la Escuela de Cer\u00e1mica de Chascom\u00fas se realizar\u00e1\u00a0de forma online, a trav\u00e9s del nuevo sistema SIU Guaran\u00ed. \u00bfQu\u00e9 es el SIU Guaran\u00ed? Es una plataforma digital del Ecosistema Acad\u00e9mico SIU, utilizada por universidades y ahora tambi\u00e9n por institutos de formaci\u00f3n superior de la &#8230; <a title=\"Preinscripci\u00f3n SIU Guaran\u00ed\" class=\"read-more\" href=\"https:\/\/ecch-bue.infd.edu.ar\/sitio\/preinscripcion-siu-guarani\/\" aria-label=\"More on Preinscripci\u00f3n SIU Guaran\u00ed\">[+]<\/a><\/p>\n","protected":false},"author":47,"featured_media":0,"parent":0,"menu_order":0,"comment_status":"closed","ping_status":"closed","template":"","meta":[],"acf":[],"_links":{"self":[{"href":"https:\/\/ecch-bue.infd.edu.ar\/sitio\/wp-json\/wp\/v2\/pages\/2438"}],"collection":[{"href":"https:\/\/ecch-bue.infd.edu.ar\/sitio\/wp-json\/wp\/v2\/pages"}],"about":[{"href":"https:\/\/ecch-bue.infd.edu.ar\/sitio\/wp-json\/wp\/v2\/types\/page"}],"author":[{"embeddable":true,"href":"https:\/\/ecch-bue.infd.edu.ar\/sitio\/wp-json\/wp\/v2\/users\/47"}],"replies":[{"embeddable":true,"href":"https:\/\/ecch-bue.infd.edu.ar\/sitio\/wp-json\/wp\/v2\/comments?post=2438"}],"version-history":[{"count":1,"href":"https:\/\/ecch-bue.infd.edu.ar\/sitio\/wp-json\/wp\/v2\/pages\/2438\/revisions"}],"predecessor-version":[{"id":2439,"href":"https:\/\/ecch-bue.infd.edu.ar\/sitio\/wp-json\/wp\/v2\/pages\/2438\/revisions\/2439"}],"wp:attachment":[{"href":"https:\/\/ecch-bue.infd.edu.ar\/sitio\/wp-json\/wp\/v2\/media?parent=2438"}],"curies":[{"name":"wp","href":"https:\/\/api.w.org\/{rel}","templated":true}]}}

Preinscripción SIU Guaraní

<p>Este año, por primera vez, las preinscripciones al ciclo lectivo 2026 de la Escuela de Cerámica de Chascomús se realizará de forma online, a través del nuevo sistema SIU Guaraní.</p>



<p><img decoding="async" src="https://fonts.gstatic.com/s/e/notoemoji/16.0/1f4a1/32.png" alt="&#x1f4a1;"> ¿Qué es el SIU Guaraní?<br><br>Es una plataforma digital del Ecosistema Académico SIU, utilizada por universidades y ahora también por institutos de formación superior de la provincia de Buenos Aires.</p>



<p>Permite gestionar en línea todos los procesos académicos:<br><br><img decoding="async" src="https://fonts.gstatic.com/s/e/notoemoji/16.0/27a1_fe0f/32.png" alt="&#x27a1;&#xfe0f;"> Inscripciones<br><img decoding="async" src="https://fonts.gstatic.com/s/e/notoemoji/16.0/27a1_fe0f/32.png" alt="&#x27a1;&#xfe0f;"> Cursadas y materias<br><img decoding="async" src="https://fonts.gstatic.com/s/e/notoemoji/16.0/27a1_fe0f/32.png" alt="&#x27a1;&#xfe0f;"> Exámenes<br><img decoding="async" src="https://fonts.gstatic.com/s/e/notoemoji/16.0/27a1_fe0f/32.png" alt="&#x27a1;&#xfe0f;"> Certificados<br><img decoding="async" src="https://fonts.gstatic.com/s/e/notoemoji/16.0/27a1_fe0f/32.png" alt="&#x27a1;&#xfe0f;"> Trayectoria académica</p>



<p>Además, se integra con plataformas de educación a distancia, becas y encuestas.</p>



<p><img decoding="async" src="https://fonts.gstatic.com/s/e/notoemoji/16.0/1f4cd/32.png" alt="&#x1f4cd;">La Escuela de Cerámica de Chascomús forma parte de las primeras 60 instituciones en implementarlo.</p>



<p><img decoding="async" src="https://fonts.gstatic.com/s/e/notoemoji/16.0/1f5d3_fe0f/32.png" alt="&#x1f5d3;&#xfe0f;"> Fechas importantes para el Ingreso 2026<br><img decoding="async" src="https://fonts.gstatic.com/s/e/notoemoji/16.0/1f393/32.png" alt="&#x1f393;"> Tecnicaturas  Apertura: 3 de noviembre<br><img decoding="async" src="https://fonts.gstatic.com/s/e/notoemoji/16.0/1f3a8/32.png" alt="&#x1f3a8;"> Profesorados  Apertura: 7 de noviembre</p>



<p><img decoding="async" src="https://fonts.gstatic.com/s/e/notoemoji/16.0/1f310/32.png" alt="&#x1f310;"> La preinscripción se realizará exclusivamente por el portal del SIU Guaraní, al que podrás acceder desde el siguiente link: <a href="https://preinscripcion.guaranipba.siu.edu.ar/">https://preinscripcion.guaranipba.siu.edu.ar/</a></p>



<p><img decoding="async" alt="&#x26a0;&#xfe0f;" src="https://fonts.gstatic.com/s/e/notoemoji/16.0/26a0_fe0f/32.png">Esta modalidad es para ingresantes a los primeros año de las Carrera <img decoding="async" alt="&#x26a0;&#xfe0f;" src="https://fonts.gstatic.com/s/e/notoemoji/16.0/26a0_fe0f/32.png"></p>



<p><img decoding="async" alt="&#x1f449;" src="https://fonts.gstatic.com/s/e/notoemoji/16.0/1f449/32.png"> Este nuevo sistema forma parte del Ecosistema Académico SIU impulsado por la Dirección General de Cultura y Educación (DGCyE) de la Provincia de Buenos Aires.</p>



<p><img decoding="async" alt="&#x1f469;&#x1f3fc;&#x200d;&#x1f4bb;" src="https://fonts.gstatic.com/s/e/notoemoji/16.0/1f469_1f3fc_200d_1f4bb/32.png">Tutorial paso a paso para realizar la preinscripción <img decoding="async" alt="&#x1f9d1;&#x1f3fb;&#x200d;&#x1f4bb;" src="https://fonts.gstatic.com/s/e/notoemoji/16.0/1f9d1_1f3fb_200d_1f4bb/32.png"></p>



<figure class="wp-block-embed is-type-video is-provider-youtube wp-block-embed-youtube wp-embed-aspect-16-9 wp-has-aspect-ratio"><div class="wp-block-embed__wrapper">
<iframe loading="lazy" title="Tutorial de preinscripciones al Nivel Superior de la educación bonaerense" width="1200" height="675" src="https://www.youtube.com/embed/1sd8rDHb0nk?feature=oembed" frameborder="0" allow="accelerometer; autoplay; clipboard-write; encrypted-media; gyroscope; picture-in-picture; web-share" referrerpolicy="strict-origin-when-cross-origin" allowfullscreen></iframe>
</div></figure>

<p>Este año, por primera vez, las preinscripciones al ciclo lectivo 2026 de la Escuela de Cerámica de Chascomús se realizará de forma online, a través del nuevo sistema SIU Guaraní. ¿Qué es el SIU Guaraní? Es una plataforma digital del Ecosistema Académico SIU, utilizada por universidades y ahora también por institutos de formación superior de la &#8230; <a title="Preinscripción SIU Guaraní" class="read-more" href="https://ecch-bue.infd.edu.ar/sitio/preinscripcion-siu-guarani/" aria-label="More on Preinscripción SIU Guaraní">[+]</a></p>
