{"id":2456,"date":"2025-11-26T17:35:02","date_gmt":"2025-11-26T20:35:02","guid":{"rendered":"https:\/\/ecch-bue.infd.edu.ar\/sitio\/?page_id=2456"},"modified":"2026-02-12T17:48:11","modified_gmt":"2026-02-12T20:48:11","slug":"mesas-de-examenes-febrero-marzo-2026","status":"publish","type":"page","link":"https:\/\/ecch-bue.infd.edu.ar\/sitio\/mesas-de-examenes-febrero-marzo-2026\/","title":{"rendered":"Mesas de ex\u00e1menes FEBRERO\/MARZO 2026"},"content":{"rendered":"\n<p><strong>Sistema de inscripciones \u2013 Mesas de ex\u00e1menes Turno Febrero\u2013Marzo 2026<\/strong><\/p>\n\n\n\n<p>LAS <strong>INSCRIPCIONES<\/strong> SER\u00c1N DESDE EL <strong>VIERNES 13 HASTA EL JUEVES 19 DE FEBRERO<\/strong> desde el siguiente link: <\/p>\n\n\n\n<p class=\"has-medium-font-size\"><a href=\"https:\/\/forms.gle\/qHHArTpoitfhdEwH7\">https:\/\/forms.gle\/qHHArTpoitfhdEwH7<\/a><\/p>\n\n\n\n<p>Las mesas de ex\u00e1menes del turno Febrero\u2013Marzo 2026 se desarrollar\u00e1n a lo largo de&nbsp;<strong>dos semanas consecutivas<\/strong>.<\/p>\n\n\n\n<p>La primera semana desde e<strong>l 23 al 27 de Febrero<\/strong> y la segunda semana desde<strong> 2 hasta el 6 de Marzo<\/strong>.<\/p>\n\n\n\n<p>Es importante aclarar que&nbsp;<strong>no se trata de dos llamados distintos<\/strong>, sino de&nbsp;<strong>un \u00fanico turno de ex\u00e1menes organizado en dos semanas<\/strong>, por razones acad\u00e9micas y organizativas.<\/p>\n\n\n\n<p>Para facilitar la lectura del cronograma:<br>&#x1f4cd;&nbsp;<strong>Las materias que se rinden en la primera semana est\u00e1n se\u00f1aladas con un C\u00cdRCULO.<br><\/strong>&#x1f4cd;&nbsp;<strong>Las materias que se rinden en la segunda semana est\u00e1n se\u00f1aladas con un CUADRADO.<\/strong><\/p>\n\n\n\n<p>La inscripci\u00f3n se realiza&nbsp;<strong>una sola vez<\/strong>, teniendo en cuenta la semana en la que se encuentra la materia correspondiente seg\u00fan el s\u00edmbolo indicado en el cronograma.<\/p>\n\n\n\n<p>Ante cualquier duda, se recomienda revisar cuidadosamente la distribuci\u00f3n de las materias y consultar con la&nbsp;<strong>Preceptora de su carrera<\/strong>:<br><br><strong>Majo Bellingeri&nbsp;<\/strong>&#8211; Profesorado en Artes Visuales orientaci\u00f3n Grabado &#8211; Lunes a Viernes de 8 a 12hs<br><br><strong>D\u00e9bora Simone&nbsp;<\/strong>&#8211; Tecnicatura en Cer\u00e1mica e Ilustraci\u00f3n &#8211; Lunes a Viernes de 13 a 17hs<br><br><strong>Daniela Gonz\u00e1lez<\/strong>&nbsp;&#8211; Dise\u00f1o Gr\u00e1fico y&nbsp;Profesorado en Artes Visuales orientaci\u00f3n&nbsp;Cer\u00e1mica &#8211; Lunes a Jueves de 18 a 22hs &#8211; Viernes de 17 a 21hs.<\/p>\n\n\n\n<div class=\"wp-block-columns is-layout-flex wp-container-3\">\n<div class=\"wp-block-column is-layout-flow\">\n<div class=\"wp-block-file\"><object class=\"wp-block-file__embed\" data=\"https:\/\/ecch-bue.infd.edu.ar\/sitio\/wp-content\/uploads\/2025\/12\/Disen\u0303oGra\u0301fico_Mesas_FEB_MAR_2026.pdf\" type=\"application\/pdf\" style=\"width:100%;height:600px\" aria-label=\"Incrustado de Disen\u0303oGra\u0301fico_Mesas_FEB_MAR_2026.\"><\/object><a id=\"wp-block-file--media-30d0055b-1315-43fd-94f6-bc37f395d8bc\" href=\"https:\/\/ecch-bue.infd.edu.ar\/sitio\/wp-content\/uploads\/2025\/12\/Disen\u0303oGra\u0301fico_Mesas_FEB_MAR_2026.pdf\">Disen\u0303oGra\u0301fico_Mesas_FEB_MAR_2026<\/a><a href=\"https:\/\/ecch-bue.infd.edu.ar\/sitio\/wp-content\/uploads\/2025\/12\/Disen\u0303oGra\u0301fico_Mesas_FEB_MAR_2026.pdf\" class=\"wp-block-file__button wp-element-button\" download aria-describedby=\"wp-block-file--media-30d0055b-1315-43fd-94f6-bc37f395d8bc\">Descarga<\/a><\/div>\n<\/div>\n\n\n\n<div class=\"wp-block-column is-layout-flow\">\n<div class=\"wp-block-file\"><object class=\"wp-block-file__embed\" data=\"https:\/\/ecch-bue.infd.edu.ar\/sitio\/wp-content\/uploads\/2025\/12\/TILUS_Mesas_FEB_MAR_2026.pdf\" type=\"application\/pdf\" style=\"width:100%;height:600px\" aria-label=\"Incrustado de TILUS_Mesas_FEB_MAR_2026.\"><\/object><a id=\"wp-block-file--media-4d8eb0fc-87e4-4825-9516-fff84c4edcfc\" href=\"https:\/\/ecch-bue.infd.edu.ar\/sitio\/wp-content\/uploads\/2025\/12\/TILUS_Mesas_FEB_MAR_2026.pdf\">TILUS_Mesas_FEB_MAR_2026<\/a><a href=\"https:\/\/ecch-bue.infd.edu.ar\/sitio\/wp-content\/uploads\/2025\/12\/TILUS_Mesas_FEB_MAR_2026.pdf\" class=\"wp-block-file__button wp-element-button\" download aria-describedby=\"wp-block-file--media-4d8eb0fc-87e4-4825-9516-fff84c4edcfc\">Descarga<\/a><\/div>\n<\/div>\n<\/div>\n\n\n\n<div class=\"wp-block-columns is-layout-flex wp-container-7\">\n<div class=\"wp-block-column is-layout-flow\">\n<div class=\"wp-block-file\"><object class=\"wp-block-file__embed\" data=\"https:\/\/ecch-bue.infd.edu.ar\/sitio\/wp-content\/uploads\/2025\/12\/TSC_Mesas_FEB_MAR_2026.pdf\" type=\"application\/pdf\" style=\"width:100%;height:600px\" aria-label=\"Incrustado de TSC_Mesas_FEB_MAR_2026.\"><\/object><a id=\"wp-block-file--media-0400bd22-d173-4b14-8e53-b7531e3bd26c\" href=\"https:\/\/ecch-bue.infd.edu.ar\/sitio\/wp-content\/uploads\/2025\/12\/TSC_Mesas_FEB_MAR_2026.pdf\">TSC_Mesas_FEB_MAR_2026<\/a><a href=\"https:\/\/ecch-bue.infd.edu.ar\/sitio\/wp-content\/uploads\/2025\/12\/TSC_Mesas_FEB_MAR_2026.pdf\" class=\"wp-block-file__button wp-element-button\" download aria-describedby=\"wp-block-file--media-0400bd22-d173-4b14-8e53-b7531e3bd26c\">Descarga<\/a><\/div>\n<\/div>\n\n\n\n<div class=\"wp-block-column is-layout-flow\">\n<div class=\"wp-block-file\"><object class=\"wp-block-file__embed\" data=\"https:\/\/ecch-bue.infd.edu.ar\/sitio\/wp-content\/uploads\/2025\/12\/PAV_887_GRABADO_Mesa_FEB_MAR_2026.pdf\" type=\"application\/pdf\" style=\"width:100%;height:600px\" aria-label=\"Incrustado de PAV_887_GRABADO_Mesa_FEB_MAR_2026.\"><\/object><a id=\"wp-block-file--media-1bc26362-4fda-4354-a131-5e669462eb60\" href=\"https:\/\/ecch-bue.infd.edu.ar\/sitio\/wp-content\/uploads\/2025\/12\/PAV_887_GRABADO_Mesa_FEB_MAR_2026.pdf\">PAV_887_GRABADO_Mesa_FEB_MAR_2026<\/a><a href=\"https:\/\/ecch-bue.infd.edu.ar\/sitio\/wp-content\/uploads\/2025\/12\/PAV_887_GRABADO_Mesa_FEB_MAR_2026.pdf\" class=\"wp-block-file__button wp-element-button\" download aria-describedby=\"wp-block-file--media-1bc26362-4fda-4354-a131-5e669462eb60\">Descarga<\/a><\/div>\n<\/div>\n\n\n\n<div class=\"wp-block-column is-layout-flow\">\n<div class=\"wp-block-file\"><object class=\"wp-block-file__embed\" data=\"https:\/\/ecch-bue.infd.edu.ar\/sitio\/wp-content\/uploads\/2025\/12\/PAV_886_CERA\u0301MICA_Mesas_FEB_MAR_2026.pdf\" type=\"application\/pdf\" style=\"width:100%;height:600px\" aria-label=\"Incrustado de PAV_886_CERA\u0301MICA_Mesas_FEB_MAR_2026.\"><\/object><a id=\"wp-block-file--media-515ce08a-ccb3-4f7a-82b6-3520b308429b\" href=\"https:\/\/ecch-bue.infd.edu.ar\/sitio\/wp-content\/uploads\/2025\/12\/PAV_886_CERA\u0301MICA_Mesas_FEB_MAR_2026.pdf\">PAV_886_CERA\u0301MICA_Mesas_FEB_MAR_2026<\/a><a href=\"https:\/\/ecch-bue.infd.edu.ar\/sitio\/wp-content\/uploads\/2025\/12\/PAV_886_CERA\u0301MICA_Mesas_FEB_MAR_2026.pdf\" class=\"wp-block-file__button wp-element-button\" download aria-describedby=\"wp-block-file--media-515ce08a-ccb3-4f7a-82b6-3520b308429b\">Descarga<\/a><\/div>\n<\/div>\n<\/div>\n","protected":false},"excerpt":{"rendered":"<p>Sistema de inscripciones \u2013 Mesas de ex\u00e1menes Turno Febrero\u2013Marzo 2026 LAS INSCRIPCIONES SER\u00c1N DESDE EL VIERNES 13 HASTA EL JUEVES 19 DE FEBRERO desde el siguiente link: https:\/\/forms.gle\/qHHArTpoitfhdEwH7 Las mesas de ex\u00e1menes del turno Febrero\u2013Marzo 2026 se desarrollar\u00e1n a lo largo de&nbsp;dos semanas consecutivas. La primera semana desde el 23 al 27 de Febrero y &#8230; <a title=\"Mesas de ex\u00e1menes FEBRERO\/MARZO 2026\" class=\"read-more\" href=\"https:\/\/ecch-bue.infd.edu.ar\/sitio\/mesas-de-examenes-febrero-marzo-2026\/\" aria-label=\"More on Mesas de ex\u00e1menes FEBRERO\/MARZO 2026\">[+]<\/a><\/p>\n","protected":false},"author":27,"featured_media":0,"parent":0,"menu_order":0,"comment_status":"closed","ping_status":"closed","template":"","meta":[],"acf":[],"_links":{"self":[{"href":"https:\/\/ecch-bue.infd.edu.ar\/sitio\/wp-json\/wp\/v2\/pages\/2456"}],"collection":[{"href":"https:\/\/ecch-bue.infd.edu.ar\/sitio\/wp-json\/wp\/v2\/pages"}],"about":[{"href":"https:\/\/ecch-bue.infd.edu.ar\/sitio\/wp-json\/wp\/v2\/types\/page"}],"author":[{"embeddable":true,"href":"https:\/\/ecch-bue.infd.edu.ar\/sitio\/wp-json\/wp\/v2\/users\/27"}],"replies":[{"embeddable":true,"href":"https:\/\/ecch-bue.infd.edu.ar\/sitio\/wp-json\/wp\/v2\/comments?post=2456"}],"version-history":[{"count":7,"href":"https:\/\/ecch-bue.infd.edu.ar\/sitio\/wp-json\/wp\/v2\/pages\/2456\/revisions"}],"predecessor-version":[{"id":2491,"href":"https:\/\/ecch-bue.infd.edu.ar\/sitio\/wp-json\/wp\/v2\/pages\/2456\/revisions\/2491"}],"wp:attachment":[{"href":"https:\/\/ecch-bue.infd.edu.ar\/sitio\/wp-json\/wp\/v2\/media?parent=2456"}],"curies":[{"name":"wp","href":"https:\/\/api.w.org\/{rel}","templated":true}]}}

Mesas de exámenes FEBRERO/MARZO 2026

<p><strong>Sistema de inscripciones – Mesas de exámenes Turno Febrero–Marzo 2026</strong></p>



<p>LAS <strong>INSCRIPCIONES</strong> SERÁN DESDE EL <strong>VIERNES 13 HASTA EL JUEVES 19 DE FEBRERO</strong> desde el siguiente link: </p>



<p class="has-medium-font-size"><a href="https://forms.gle/qHHArTpoitfhdEwH7">https://forms.gle/qHHArTpoitfhdEwH7</a></p>



<p>Las mesas de exámenes del turno Febrero–Marzo 2026 se desarrollarán a lo largo de&nbsp;<strong>dos semanas consecutivas</strong>.</p>



<p>La primera semana desde e<strong>l 23 al 27 de Febrero</strong> y la segunda semana desde<strong> 2 hasta el 6 de Marzo</strong>.</p>



<p>Es importante aclarar que&nbsp;<strong>no se trata de dos llamados distintos</strong>, sino de&nbsp;<strong>un único turno de exámenes organizado en dos semanas</strong>, por razones académicas y organizativas.</p>



<p>Para facilitar la lectura del cronograma:<br>&#x1f4cd;&nbsp;<strong>Las materias que se rinden en la primera semana están señaladas con un CÍRCULO.<br></strong>&#x1f4cd;&nbsp;<strong>Las materias que se rinden en la segunda semana están señaladas con un CUADRADO.</strong></p>



<p>La inscripción se realiza&nbsp;<strong>una sola vez</strong>, teniendo en cuenta la semana en la que se encuentra la materia correspondiente según el símbolo indicado en el cronograma.</p>



<p>Ante cualquier duda, se recomienda revisar cuidadosamente la distribución de las materias y consultar con la&nbsp;<strong>Preceptora de su carrera</strong>:<br><br><strong>Majo Bellingeri&nbsp;</strong>&#8211; Profesorado en Artes Visuales orientación Grabado &#8211; Lunes a Viernes de 8 a 12hs<br><br><strong>Débora Simone&nbsp;</strong>&#8211; Tecnicatura en Cerámica e Ilustración &#8211; Lunes a Viernes de 13 a 17hs<br><br><strong>Daniela González</strong>&nbsp;&#8211; Diseño Gráfico y&nbsp;Profesorado en Artes Visuales orientación&nbsp;Cerámica &#8211; Lunes a Jueves de 18 a 22hs &#8211; Viernes de 17 a 21hs.</p>



<div class="wp-block-columns is-layout-flex wp-container-3">
<div class="wp-block-column is-layout-flow">
<div class="wp-block-file"><object class="wp-block-file__embed" data="https://ecch-bue.infd.edu.ar/sitio/wp-content/uploads/2025/12/DiseñoGráfico_Mesas_FEB_MAR_2026.pdf" type="application/pdf" style="width:100%;height:600px" aria-label="Incrustado de DiseñoGráfico_Mesas_FEB_MAR_2026."></object><a id="wp-block-file--media-30d0055b-1315-43fd-94f6-bc37f395d8bc" href="https://ecch-bue.infd.edu.ar/sitio/wp-content/uploads/2025/12/DiseñoGráfico_Mesas_FEB_MAR_2026.pdf">DiseñoGráfico_Mesas_FEB_MAR_2026</a><a href="https://ecch-bue.infd.edu.ar/sitio/wp-content/uploads/2025/12/DiseñoGráfico_Mesas_FEB_MAR_2026.pdf" class="wp-block-file__button wp-element-button" download aria-describedby="wp-block-file--media-30d0055b-1315-43fd-94f6-bc37f395d8bc">Descarga</a></div>
</div>



<div class="wp-block-column is-layout-flow">
<div class="wp-block-file"><object class="wp-block-file__embed" data="https://ecch-bue.infd.edu.ar/sitio/wp-content/uploads/2025/12/TILUS_Mesas_FEB_MAR_2026.pdf" type="application/pdf" style="width:100%;height:600px" aria-label="Incrustado de TILUS_Mesas_FEB_MAR_2026."></object><a id="wp-block-file--media-4d8eb0fc-87e4-4825-9516-fff84c4edcfc" href="https://ecch-bue.infd.edu.ar/sitio/wp-content/uploads/2025/12/TILUS_Mesas_FEB_MAR_2026.pdf">TILUS_Mesas_FEB_MAR_2026</a><a href="https://ecch-bue.infd.edu.ar/sitio/wp-content/uploads/2025/12/TILUS_Mesas_FEB_MAR_2026.pdf" class="wp-block-file__button wp-element-button" download aria-describedby="wp-block-file--media-4d8eb0fc-87e4-4825-9516-fff84c4edcfc">Descarga</a></div>
</div>
</div>



<div class="wp-block-columns is-layout-flex wp-container-7">
<div class="wp-block-column is-layout-flow">
<div class="wp-block-file"><object class="wp-block-file__embed" data="https://ecch-bue.infd.edu.ar/sitio/wp-content/uploads/2025/12/TSC_Mesas_FEB_MAR_2026.pdf" type="application/pdf" style="width:100%;height:600px" aria-label="Incrustado de TSC_Mesas_FEB_MAR_2026."></object><a id="wp-block-file--media-0400bd22-d173-4b14-8e53-b7531e3bd26c" href="https://ecch-bue.infd.edu.ar/sitio/wp-content/uploads/2025/12/TSC_Mesas_FEB_MAR_2026.pdf">TSC_Mesas_FEB_MAR_2026</a><a href="https://ecch-bue.infd.edu.ar/sitio/wp-content/uploads/2025/12/TSC_Mesas_FEB_MAR_2026.pdf" class="wp-block-file__button wp-element-button" download aria-describedby="wp-block-file--media-0400bd22-d173-4b14-8e53-b7531e3bd26c">Descarga</a></div>
</div>



<div class="wp-block-column is-layout-flow">
<div class="wp-block-file"><object class="wp-block-file__embed" data="https://ecch-bue.infd.edu.ar/sitio/wp-content/uploads/2025/12/PAV_887_GRABADO_Mesa_FEB_MAR_2026.pdf" type="application/pdf" style="width:100%;height:600px" aria-label="Incrustado de PAV_887_GRABADO_Mesa_FEB_MAR_2026."></object><a id="wp-block-file--media-1bc26362-4fda-4354-a131-5e669462eb60" href="https://ecch-bue.infd.edu.ar/sitio/wp-content/uploads/2025/12/PAV_887_GRABADO_Mesa_FEB_MAR_2026.pdf">PAV_887_GRABADO_Mesa_FEB_MAR_2026</a><a href="https://ecch-bue.infd.edu.ar/sitio/wp-content/uploads/2025/12/PAV_887_GRABADO_Mesa_FEB_MAR_2026.pdf" class="wp-block-file__button wp-element-button" download aria-describedby="wp-block-file--media-1bc26362-4fda-4354-a131-5e669462eb60">Descarga</a></div>
</div>



<div class="wp-block-column is-layout-flow">
<div class="wp-block-file"><object class="wp-block-file__embed" data="https://ecch-bue.infd.edu.ar/sitio/wp-content/uploads/2025/12/PAV_886_CERÁMICA_Mesas_FEB_MAR_2026.pdf" type="application/pdf" style="width:100%;height:600px" aria-label="Incrustado de PAV_886_CERÁMICA_Mesas_FEB_MAR_2026."></object><a id="wp-block-file--media-515ce08a-ccb3-4f7a-82b6-3520b308429b" href="https://ecch-bue.infd.edu.ar/sitio/wp-content/uploads/2025/12/PAV_886_CERÁMICA_Mesas_FEB_MAR_2026.pdf">PAV_886_CERÁMICA_Mesas_FEB_MAR_2026</a><a href="https://ecch-bue.infd.edu.ar/sitio/wp-content/uploads/2025/12/PAV_886_CERÁMICA_Mesas_FEB_MAR_2026.pdf" class="wp-block-file__button wp-element-button" download aria-describedby="wp-block-file--media-515ce08a-ccb3-4f7a-82b6-3520b308429b">Descarga</a></div>
</div>
</div>

<p>Sistema de inscripciones – Mesas de exámenes Turno Febrero–Marzo 2026 LAS INSCRIPCIONES SERÁN DESDE EL VIERNES 13 HASTA EL JUEVES 19 DE FEBRERO desde el siguiente link: https://forms.gle/qHHArTpoitfhdEwH7 Las mesas de exámenes del turno Febrero–Marzo 2026 se desarrollarán a lo largo de&nbsp;dos semanas consecutivas. La primera semana desde el 23 al 27 de Febrero y &#8230; <a title="Mesas de exámenes FEBRERO/MARZO 2026" class="read-more" href="https://ecch-bue.infd.edu.ar/sitio/mesas-de-examenes-febrero-marzo-2026/" aria-label="More on Mesas de exámenes FEBRERO/MARZO 2026">[+]</a></p>
