{"id":318,"date":"2016-10-31T14:20:44","date_gmt":"2016-10-31T17:20:44","guid":{"rendered":"https:\/\/ecch-bue.infd.edu.ar\/sitio\/?page_id=318"},"modified":"2023-03-29T11:39:01","modified_gmt":"2023-03-29T14:39:01","slug":"contacto","status":"publish","type":"page","link":"https:\/\/ecch-bue.infd.edu.ar\/sitio\/contacto\/","title":{"rendered":"CONTACTO"},"content":{"rendered":"<h2><span style=\"font-family: verdana;\"><img decoding=\"async\" style=\"float: left;\" title=\"Esquina izquierda\" src=\"https:\/\/ecch-bue.infd.edu.ar\/sitio\/wp-content\/uploads\/2018\/06\/cnt_corner_left.gif\" alt=\"Esquina izquierda\" border=\"0\" \/><\/span><span style=\"font-family: verdana;\"> Comunicate con nosotros<\/span><\/h2>\n<ul>\n<li style=\"text-align: left;\"><span style=\"font-family: verdana;\"><span style=\"font-size: small;\">Direcci\u00f3n: Av. Presidente Ra\u00fal Alfons\u00edn Nro 458 Chascom\u00fas (CP 7130) Buenos Aires, Argentina<\/span><\/span><\/li>\n<li style=\"text-align: left;\"><span style=\"font-family: verdana;\"><span style=\"font-size: small;\">E-Mail: ecchascomus@gmail.com<\/span><\/span><span style=\"font-family: verdana;\"><span style=\"font-size: small;\"><br \/>\n<\/span><\/span><\/li>\n<li>Whatsapp: +54 9 2241 52 7240<\/li>\n<li style=\"text-align: left;\"><span style=\"font-family: verdana;\"><span style=\"font-size: small;\"><a href=\"https:\/\/www.facebook.com\/escueladeceramicadechascomus\">Facebook: \/escueladeceramicadechascomus<\/a><br \/>\n<\/span><\/span><\/li>\n<li>\n<h6><a href=\"https:\/\/www.instagram.com\/escuelaceramicach\/\">Instagram: instagram.com\/escuelaceramicach\/<\/a><\/h6>\n<\/li>\n<\/ul>\n<p><iframe loading=\"lazy\" style=\"border: 0;\" src=\"https:\/\/www.google.com\/maps\/embed?pb=!1m18!1m12!1m3!1d3245.0505620367135!2d-58.00985894936565!3d-35.577143817059145!2m3!1f0!2f0!3f0!3m2!1i1024!2i768!4f13.1!3m3!1m2!1s0x95980d5550b239a3%3A0xe3062e0ef4ca4a48!2sISFA+-+Escuela+de+Cer%C3%A1mica+de+Chascom%C3%BAs!5e0!3m2!1ses!2sar!4v1531245706045\" width=\"800\" height=\"450\" frameborder=\"0\" allowfullscreen=\"allowfullscreen\"><\/iframe><\/p>\n<div  class=\"lgc-column lgc-grid-parent lgc-grid-70 lgc-tablet-grid-60 lgc-mobile-grid-100 lgc-equal-heights \"><div  class=\"inside-grid-column\"><\/div><\/div>\n","protected":false},"excerpt":{"rendered":"<p>Comunicate con nosotros Direcci\u00f3n: Av. Presidente Ra\u00fal Alfons\u00edn Nro 458 Chascom\u00fas (CP 7130) Buenos Aires, Argentina E-Mail: ecchascomus@gmail.com Whatsapp: +54 9 2241 52 7240 Facebook: \/escueladeceramicadechascomus Instagram: instagram.com\/escuelaceramicach\/<\/p>\n","protected":false},"author":1,"featured_media":0,"parent":0,"menu_order":0,"comment_status":"closed","ping_status":"closed","template":"","meta":[],"acf":[],"_links":{"self":[{"href":"https:\/\/ecch-bue.infd.edu.ar\/sitio\/wp-json\/wp\/v2\/pages\/318"}],"collection":[{"href":"https:\/\/ecch-bue.infd.edu.ar\/sitio\/wp-json\/wp\/v2\/pages"}],"about":[{"href":"https:\/\/ecch-bue.infd.edu.ar\/sitio\/wp-json\/wp\/v2\/types\/page"}],"author":[{"embeddable":true,"href":"https:\/\/ecch-bue.infd.edu.ar\/sitio\/wp-json\/wp\/v2\/users\/1"}],"replies":[{"embeddable":true,"href":"https:\/\/ecch-bue.infd.edu.ar\/sitio\/wp-json\/wp\/v2\/comments?post=318"}],"version-history":[{"count":13,"href":"https:\/\/ecch-bue.infd.edu.ar\/sitio\/wp-json\/wp\/v2\/pages\/318\/revisions"}],"predecessor-version":[{"id":1758,"href":"https:\/\/ecch-bue.infd.edu.ar\/sitio\/wp-json\/wp\/v2\/pages\/318\/revisions\/1758"}],"wp:attachment":[{"href":"https:\/\/ecch-bue.infd.edu.ar\/sitio\/wp-json\/wp\/v2\/media?parent=318"}],"curies":[{"name":"wp","href":"https:\/\/api.w.org\/{rel}","templated":true}]}}