{"id":717,"date":"2018-06-28T01:17:28","date_gmt":"2018-06-28T04:17:28","guid":{"rendered":"https:\/\/ecch-bue.infd.edu.ar\/sitio\/pav\/"},"modified":"2025-10-15T17:47:32","modified_gmt":"2025-10-15T20:47:32","slug":"pav","status":"publish","type":"page","link":"https:\/\/ecch-bue.infd.edu.ar\/sitio\/pav\/","title":{"rendered":"Profesorado en Artes Visuales (orientaci\u00f3n Cer\u00e1mica)"},"content":{"rendered":"<h5 style=\"text-align: justify;\"><img decoding=\"async\" title=\"Linea punteada 100%\" src=\"https:\/\/ecch-bue.infd.edu.ar\/sitio\/wp-content\/uploads\/2018\/06\/doted_line_100.gif\" alt=\"Linea punteada 100%\" border=\"0\" \/><\/h5>\n<p><img decoding=\"async\" loading=\"lazy\" class=\"alignnone size-medium wp-image-791\" src=\"https:\/\/ecch-bue.infd.edu.ar\/sitio\/wp-content\/uploads\/2018\/07\/1-1000x352.jpg\" alt=\"\" width=\"1000\" height=\"352\" srcset=\"https:\/\/ecch-bue.infd.edu.ar\/sitio\/wp-content\/uploads\/2018\/07\/1-1000x352.jpg 1000w, https:\/\/ecch-bue.infd.edu.ar\/sitio\/wp-content\/uploads\/2018\/07\/1-768x270.jpg 768w, https:\/\/ecch-bue.infd.edu.ar\/sitio\/wp-content\/uploads\/2018\/07\/1.jpg 1024w\" sizes=\"(max-width: 1000px) 100vw, 1000px\" \/><\/p>\n<p style=\"text-align: justify;\"><span style=\"font-size: 12pt;\">El<span style=\"color: #ff6600;\"><strong> Profesorado en Artes Visuales (orientaci\u00f3n cer\u00e1mica)<\/strong><\/span><\/span><span style=\"color: #993300;\">\u00a0<\/span>tiene una\u00a0 inserci\u00f3n laboral en el campo de la ense\u00f1anza inicial, primaria, secundaria y especial tanto formal como no formal. Forma docentes con conocimiento en el lenguaje cer\u00e1mico en sus estructuras, modos de operaci\u00f3n, procedimientos e instancias de circulaci\u00f3n e interpretaci\u00f3n considerando las transformaciones a lo largo del contexto social. Paralelamente se consideran las problem\u00e1ticas y modos particulares de la ense\u00f1anza del arte en los diferentes niveles educativos .En este profesorado entonces se desarrollan conocimientos del campo de la disciplina cer\u00e1mica articul\u00e1ndolos con un cuerpo de conocimientos que posibilitan una formaci\u00f3n human\u00edstica, un dominio de los marcos conceptuales interpretativos y valorativos para el an\u00e1lisis y la comprensi\u00f3n de la cultura,\u00a0 el contexto hist\u00f3rico, la educaci\u00f3n, la ense\u00f1anza y el aprendizaje. Se apunta a un docente conocedor del lenguaje con el que va a trabajar, pudiendo realizar producciones utilizando los procedimientos de la disciplina cer\u00e1mica y contando con elementos que le permitan investigar durante su formaci\u00f3n y profundizarla despu\u00e9s de egresado.<\/p>\n<p><span style=\"color: #ff6600;\"><strong>MATERIAS POR A\u00d1O Y SUS CORRELATIVAS<\/strong><\/span><\/p>\n<table width=\"610\">\n<tbody>\n<tr>\n<td width=\"82\">A\u00f1o<\/td>\n<td width=\"187\">Espacio Curricular<\/td>\n<td width=\"341\">Requisitos para cursar (acreditados al comienzo del ciclo lectivo o en condiciones de compensar hasta julio-agosto, por ser correlativos)<\/td>\n<\/tr>\n<tr>\n<td><\/td>\n<td width=\"187\"><\/td>\n<td width=\"341\"><\/td>\n<\/tr>\n<tr>\n<td rowspan=\"10\" width=\"82\">1\u00ba a\u00f1o<\/td>\n<td width=\"187\">Lenguaje Visual I<\/td>\n<td width=\"341\"><\/td>\n<\/tr>\n<tr>\n<td width=\"187\">Dibujo I<\/td>\n<td width=\"341\"><\/td>\n<\/tr>\n<tr>\n<td width=\"187\">Cer\u00e1mica I<\/td>\n<td width=\"341\"><\/td>\n<\/tr>\n<tr>\n<td width=\"187\">Qu\u00edmica Aplicada I<\/td>\n<td width=\"341\"><\/td>\n<\/tr>\n<tr>\n<td width=\"187\">Taller Complementario I &#8211; Escultura<\/td>\n<td width=\"341\"><\/td>\n<\/tr>\n<tr>\n<td width=\"187\">Historia de las Artes Visuales I<\/td>\n<td width=\"341\"><\/td>\n<\/tr>\n<tr>\n<td width=\"187\">Pr\u00e1ctica Docente I<\/td>\n<td width=\"341\"><\/td>\n<\/tr>\n<tr>\n<td width=\"187\">Psicolog\u00eda de la Educaci\u00f3n I<\/td>\n<td width=\"341\"><\/td>\n<\/tr>\n<tr>\n<td width=\"187\">Fundamentos de la Educaci\u00f3n I<\/td>\n<td width=\"341\"><\/td>\n<\/tr>\n<tr>\n<td width=\"187\">Historia Social General<\/td>\n<td width=\"341\"><\/td>\n<\/tr>\n<tr>\n<td><\/td>\n<td width=\"187\"><\/td>\n<td width=\"341\"><\/td>\n<\/tr>\n<tr>\n<td rowspan=\"10\">2\u00ba a\u00f1o<\/td>\n<td width=\"187\">Lenguaje Visual II<\/td>\n<td width=\"341\">Lenguaje Visual I<\/td>\n<\/tr>\n<tr>\n<td width=\"187\">Dibujo II<\/td>\n<td width=\"341\">Dibujo I, Lenguaje Visual I<\/td>\n<\/tr>\n<tr>\n<td width=\"187\">Cer\u00e1mica II<\/td>\n<td width=\"341\">Cer\u00e1mica I, Qu\u00edmica Aplicada I, Dibujo I,<br \/>\nLenguaje Visual I<\/td>\n<\/tr>\n<tr>\n<td width=\"187\">Tecnolog\u00eda aplicada a la Cer\u00e1mica<\/td>\n<td width=\"341\">Cer\u00e1mica I, Qu\u00edmica Aplicada I<\/td>\n<\/tr>\n<tr>\n<td width=\"187\">Taller Complementario II &#8211; Pintura<\/td>\n<td width=\"341\">Taller Complementario I, Dibujo I, Lenguaje Visual I<\/td>\n<\/tr>\n<tr>\n<td width=\"187\">Historia de las Artes Visuales II<\/td>\n<td width=\"341\">Historia de las Artes Visuales I<\/td>\n<\/tr>\n<tr>\n<td width=\"187\">Pr\u00e1ctica Docente II<\/td>\n<td width=\"341\">Pr\u00e1ctica Docente I, Fundamentos de la Educaci\u00f3n I, Psicolog\u00eda de la Educaci\u00f3n I<\/td>\n<\/tr>\n<tr>\n<td width=\"187\">Historia Sociopol\u00edtica de Latinoam\u00e9rica y Argentina<\/td>\n<td width=\"341\">Historia Social General<\/td>\n<\/tr>\n<tr>\n<td width=\"187\">Did\u00e1ctica General<\/td>\n<td width=\"341\">Fundamentos de la Educaci\u00f3n I,<br \/>\nPsicolog\u00eda de la Educaci\u00f3n I<\/td>\n<\/tr>\n<tr>\n<td width=\"187\">Psicolog\u00eda de la Educaci\u00f3n II<\/td>\n<td width=\"341\">Fundamentos de la Educaci\u00f3n I,<br \/>\nPsicolog\u00eda de la Educaci\u00f3n I<\/td>\n<\/tr>\n<tr>\n<td><\/td>\n<td width=\"187\"><\/td>\n<td width=\"341\"><\/td>\n<\/tr>\n<tr>\n<td rowspan=\"10\">3\u00ba a\u00f1o<\/td>\n<td width=\"187\">Lenguaje Visual III<\/td>\n<td width=\"341\">Lenguaje Visual II<\/td>\n<\/tr>\n<tr>\n<td width=\"187\">Dibujo III<\/td>\n<td width=\"341\">Lenguaje Visual II, Dibujo II<\/td>\n<\/tr>\n<tr>\n<td width=\"187\">Cer\u00e1mica III<\/td>\n<td width=\"341\">Cer\u00e1mica II, Tecnolog\u00eda aplicada a la Cer\u00e1mica, Lenguaje Visual II, Dibujo II<\/td>\n<\/tr>\n<tr>\n<td width=\"187\">Qu\u00edmica Aplicada II<\/td>\n<td width=\"341\">Cer\u00e1mica II, Tecnolog\u00eda aplicada a la Cer\u00e1mica<\/td>\n<\/tr>\n<tr>\n<td width=\"187\">Historia de las Artes Visuales III<\/td>\n<td width=\"341\">Historia de las Artes Visuales II<\/td>\n<\/tr>\n<tr>\n<td width=\"187\">Did\u00e1ctica de las Artes Visuales I<\/td>\n<td width=\"341\">Did\u00e1ctica General, Psicolog\u00eda de la Educaci\u00f3n II, Pr\u00e1ctica Docente II<\/td>\n<\/tr>\n<tr>\n<td width=\"187\">Medios Audiovisual. e Imagen Digital<\/td>\n<td width=\"341\">Lenguaje Visual II, Dibujo II<\/td>\n<\/tr>\n<tr>\n<td width=\"187\">Pr\u00e1ctica Docente III<\/td>\n<td width=\"341\">2do. A\u00f1o completo<\/td>\n<\/tr>\n<tr>\n<td width=\"187\">Pol\u00edtica Educativa<\/td>\n<td width=\"341\">Did\u00e1ctica General,<br \/>\nHistoria Sociopol\u00edtica de Latinoam\u00e9rica y Argentina<\/td>\n<\/tr>\n<tr>\n<td width=\"187\">Teor\u00eda del Arte I<\/td>\n<td width=\"341\">Historia Sociopol\u00edtica de Latinoam\u00e9rica y Argentina, Historia de las Artes Visuales II<\/td>\n<\/tr>\n<tr>\n<td><\/td>\n<td width=\"187\"><\/td>\n<td width=\"341\"><\/td>\n<\/tr>\n<tr>\n<td rowspan=\"8\">4\u00ba a\u00f1o<\/td>\n<td width=\"187\">Cer\u00e1mica IV<\/td>\n<td width=\"341\">Cer\u00e1mica III, Lenguaje Visual III, Dibujo III<\/td>\n<\/tr>\n<tr>\n<td width=\"187\">Dibujo IV<\/td>\n<td width=\"341\">Lenguaje Visual III, Dibujo III<\/td>\n<\/tr>\n<tr>\n<td width=\"187\">Artes Combinadas<\/td>\n<td width=\"341\">Lenguaje Visual III, Dibujo III, Taller Complementario II<\/td>\n<\/tr>\n<tr>\n<td width=\"187\">Did\u00e1ctica de las Artes Visuales II<\/td>\n<td width=\"341\">Did\u00e1ctica de las Artes Visuales I, Pol\u00edtica Educativa<\/td>\n<\/tr>\n<tr>\n<td width=\"187\">Pr\u00e1ctica Docente IV<\/td>\n<td width=\"341\">3er. A\u00f1o completo<\/td>\n<\/tr>\n<tr>\n<td width=\"187\">Teor\u00eda del Arte II<\/td>\n<td width=\"341\">Teor\u00eda del Arte I, Historia de las Artes Visuales I<\/td>\n<\/tr>\n<tr>\n<td width=\"187\">Metodolog\u00eda de la Investigaci\u00f3n<\/td>\n<td width=\"341\">Teor\u00eda del Arte I, Historia de las Artes Visuales I<\/td>\n<\/tr>\n<tr>\n<td>EDI &#8211; Vitrofusi\u00f3n y Mosaico<\/td>\n<td><\/td>\n<\/tr>\n<\/tbody>\n<\/table>\n<p><strong><span style=\"color: #ff6600; font-size: 12pt;\">Para cursar Pr\u00e1ctica Docente III y IV deber\u00e1 cursar en paralelo la did\u00e1ctica espec\u00edfica del nivel o tener la cursada aprobada.<\/span><\/strong><\/p>\n<p><strong>T\u00edtulo: Profesor de Artes Visuales con orientaci\u00f3n Cer\u00e1mica<\/strong><\/p>\n<p style=\"text-align: justify;\"><span style=\"color: #cc6600; font-family: Arial;\"><span style=\"font-size: medium;\"><strong><img decoding=\"async\" title=\"Linea punteada 100%\" src=\"https:\/\/ecch-bue.infd.edu.ar\/sitio\/wp-content\/uploads\/2018\/06\/doted_line_100.gif\" alt=\"Linea punteada 100%\" border=\"0\" \/><br \/>\n<\/strong><\/span><\/span><\/p>\n","protected":false},"excerpt":{"rendered":"<p>El Profesorado en Artes Visuales (orientaci\u00f3n cer\u00e1mica)\u00a0tiene una\u00a0 inserci\u00f3n laboral en el campo de la ense\u00f1anza inicial, primaria, secundaria y especial tanto formal como no formal. Forma docentes con conocimiento en el lenguaje cer\u00e1mico en sus estructuras, modos de operaci\u00f3n, procedimientos e instancias de circulaci\u00f3n e interpretaci\u00f3n considerando las transformaciones a lo largo del contexto &#8230; <a title=\"Profesorado en Artes Visuales (orientaci\u00f3n Cer\u00e1mica)\" class=\"read-more\" href=\"https:\/\/ecch-bue.infd.edu.ar\/sitio\/pav\/\" aria-label=\"More on Profesorado en Artes Visuales (orientaci\u00f3n Cer\u00e1mica)\">[+]<\/a><\/p>\n","protected":false},"author":27,"featured_media":0,"parent":0,"menu_order":0,"comment_status":"closed","ping_status":"closed","template":"","meta":[],"acf":[],"_links":{"self":[{"href":"https:\/\/ecch-bue.infd.edu.ar\/sitio\/wp-json\/wp\/v2\/pages\/717"}],"collection":[{"href":"https:\/\/ecch-bue.infd.edu.ar\/sitio\/wp-json\/wp\/v2\/pages"}],"about":[{"href":"https:\/\/ecch-bue.infd.edu.ar\/sitio\/wp-json\/wp\/v2\/types\/page"}],"author":[{"embeddable":true,"href":"https:\/\/ecch-bue.infd.edu.ar\/sitio\/wp-json\/wp\/v2\/users\/27"}],"replies":[{"embeddable":true,"href":"https:\/\/ecch-bue.infd.edu.ar\/sitio\/wp-json\/wp\/v2\/comments?post=717"}],"version-history":[{"count":12,"href":"https:\/\/ecch-bue.infd.edu.ar\/sitio\/wp-json\/wp\/v2\/pages\/717\/revisions"}],"predecessor-version":[{"id":2419,"href":"https:\/\/ecch-bue.infd.edu.ar\/sitio\/wp-json\/wp\/v2\/pages\/717\/revisions\/2419"}],"wp:attachment":[{"href":"https:\/\/ecch-bue.infd.edu.ar\/sitio\/wp-json\/wp\/v2\/media?parent=717"}],"curies":[{"name":"wp","href":"https:\/\/api.w.org\/{rel}","templated":true}]}}