{"id":725,"date":"2018-06-28T01:17:30","date_gmt":"2018-06-28T04:17:30","guid":{"rendered":"https:\/\/ecch-bue.infd.edu.ar\/sitio\/investigacion\/"},"modified":"2022-08-03T18:26:01","modified_gmt":"2022-08-03T21:26:01","slug":"investigacion","status":"publish","type":"page","link":"https:\/\/ecch-bue.infd.edu.ar\/sitio\/investigacion\/","title":{"rendered":"Investigaci\u00f3n"},"content":{"rendered":"\n<pre class=\"wp-block-preformatted\"><strong><span class=\"has-inline-color has-luminous-vivid-amber-color\">CER\u00c1MICA Y ARQUEOLOG\u00cdA<\/span><\/strong><\/pre>\n\n\n\n<p>La <strong><span class=\"has-inline-color has-luminous-vivid-amber-color\">Revista Internacional Cultura Cer\u00e1mica 2022<\/span><\/strong> resultado del <strong><span class=\"has-inline-color has-luminous-vivid-amber-color\">Festival Internacional de Cultura Cer\u00e1mica FICC<\/span><\/strong> del pasado 2021, public\u00f3 una nota en la que refleja el trabajo realizado de <span class=\"has-inline-color has-luminous-vivid-amber-color\"><strong>Cer\u00e1mica y Arqueolog\u00eda producci\u00f3n interdisciplinaria del conocimiento<\/strong><\/span> dirigido por la <strong><em><span class=\"has-inline-color has-luminous-vivid-amber-color\">Lic. Alicia Francese<\/span><\/em><\/strong> con las profesoras <span class=\"has-inline-color has-luminous-vivid-amber-color\"><strong><em>Guillermina Migu\u00e9liz<\/em><\/strong> <\/span>y <em><strong><span class=\"has-inline-color has-luminous-vivid-amber-color\">Mariana Sabbatella<\/span><\/strong><\/em> junto a las <em><strong><span class=\"has-inline-color has-luminous-vivid-amber-color\">Dras. Mar\u00eda Isabel Gonz\u00e1lez<\/span><\/strong><\/em> y <strong><em><span class=\"has-inline-color has-luminous-vivid-amber-color\">Magdalena Frere<\/span><\/em><\/strong> del Instituto de arqueolog\u00eda de la universidad de Buenos Aires.<\/p>\n\n\n\n<blockquote class=\"wp-block-quote\"><p><em>\u201c\u2026El libro escrito en espa\u00f1ol y titulado <\/em>CER\u00c1MICA Y ARQUEOLOG\u00cdA<em>. Producci\u00f3n interdisciplinaria del conocimiento publicado por el Instituto Superior de Formaci\u00f3n Art\u00edstica (hoy Escuela de Cer\u00e1mica de Chascom\u00fas), es el resultado de un trabajo interdisciplinar entre ceramistas y arque\u00f3logos, que investig\u00f3 los aspectos art\u00edsticos, tecnol\u00f3gicos, culturales y, cient\u00edficos presentes en la cer\u00e1mica producida por los primeros habitantes de la LAS INVESTIGACIONES ARQUEOL\u00d3GICAS Y DE RECUPERACI\u00d3N A LOS SABERES LOCALES SON ESENCIALES PARA EL DESARROLLO DE PROCESOS EDUCATIVOS Y LA CONSTRUCCI\u00d3N DE IDENTIDAD de la cuenca del R\u00edo Salado de la provincia de Buenos Aires Rep\u00fablica, hace m\u00e1s de dos mil quinientos a\u00f1os.<\/em><\/p><p><em>El inter\u00e9s principal de la publicaci\u00f3n es presentar de forma did\u00e1ctica los conocimientos para que ellos puedan hacer parte de los nuevos procesos pedag\u00f3gicos y experiencias educativas innovadoras dirigidas a ni\u00f1os y j\u00f3venes que requiere el patrimonio cultural argentino hoy\u2026\u201d *<\/em><\/p><cite>*<strong><em>Autor: <\/em><\/strong><em>Mayra Luc\u00eda Carrillo Colmenares \/ MLCC <\/em><strong><em>Periodicidad de la publicaci\u00f3n: <\/em><\/strong><em>Anual <\/em><strong><em>Colaboraron en este n\u00famero: <\/em><\/strong>Mariana Sabbatella, Alicia Francese, Mar\u00eda Isabel Gonz\u00e1lez, Guillermina Migueliz Magdalena Frere, Cristiano Lima Sales, Isabela Frade, Rafael Grillo, R\u00f4mulo dos Reis y Talita Crisane do Amaral <strong>Revisi\u00f3n: <\/strong>Concejo Internacional de Educaci\u00f3n Cer\u00e1mica-CIECeramica <strong>Edici\u00f3n, producci\u00f3n e impresi\u00f3n: <\/strong>Cer\u00e1mica Amarilla, P\u00e1gina 9, Julio 2022.<\/cite><\/blockquote>\n\n\n\n<p><\/p>\n\n\n\n<p id=\"La-Escuela-de-Cer\u00e1mica-se-enorgullece-de-informar-que-la-Revista-Internacional-Cultura-Cer\u00e1mica-2022-resultado-del-Festival-Internacional-de-Cultura-Cer\u00e1mica-FICC-@ficceramic-del-pasado-a\u00f1o-public\u00f3-una-nota-en-la-que-refleja-el-trabajo-realizado-de-Cer\u00e1mica-y-arqueolog\u00eda-producci\u00f3n-interdisciplinaria-del-conocimiento-dirigido-por-la-Lic.-Alicia-Francese-con-las-profesoras-Guillermina-Migu\u00e9liz-y-Mariana-Sabbatella-junto-a-las-Dras.-Mar\u00eda-Isabel-Gonz\u00e1lez-y-Magdalena-Frere-del-Instituto-de-arqueolog\u00eda-de-la-universidad-de-buenos-aires.--\u201c\u2026El-libro-escrito-en-espa\u00f1ol-y-titulado-CER\u00c1MICA-Y-ARQUEOLOG\u00cdA.-Producci\u00f3n-interdisciplinaria-del-conocimiento-publicado-por-el-Instituto-Superior-de-Formaci\u00f3n-Art\u00edstica-(hoy-Escuela-de-Cer\u00e1mica-de-Chascom\u00fas),-es-el-resultado-de-un-trabajo-interdisciplinar-entre-ceramistas-y-arque\u00f3logos,-que-investig\u00f3-los-aspectos-art\u00edsticos,-tecnol\u00f3gicos,-culturales-y,-cient\u00edficos-presentes-en-la-cer\u00e1mica-producida-por-los-primeros-habitantes-de-la-LAS-INVESTIGACIONES-ARQUEOL\u00d3GICAS-Y-DE-RECUPERACI\u00d3N-A-LOS-SABERES-LOCALES-SON-ESENCIALES-PARA-EL-DESARROLLO-DE-PROCESOS-EDUCATIVOS-Y-LA-CONSTRUCCI\u00d3N-DE-IDENTIDAD-de-la-cuenca-del-R\u00edo-Salado-de-la-provincia-de-Buenos-Aires-Rep\u00fablica,-hace-m\u00e1s-de-dos-mil-quinientos-a\u00f1os.-El-inter\u00e9s-principal-de-la-publicaci\u00f3n-es-presentar-de-forma-did\u00e1ctica-los-conocimientos-para-que-ellos-puedan-hacer-parte-de-los-nuevos-procesos-pedag\u00f3gicos-y-experiencias-educativas-innovadoras-dirigidas-a-ni\u00f1os-y-j\u00f3venes-que-requiere-el-patrimonio-cultural-argentino-hoy\u2026\u201d-*----*Autor:-Mayra-Luc\u00eda-Carrillo-Colmenares-\/-MLCC-Periodicidad-de-la-publicaci\u00f3n:-Anual-Colaboraron-en-este-n\u00famero:-Mariana-Sabbatella,-Alicia-Francese,-Mar\u00eda-Isabel-Gonz\u00e1lez,-Guillermina-Migueliz-Magdalena-Frere,-Cristiano-Lima-Sales,-Isabela-Frade,-Rafael-Grillo,-R\u00f4mulo-dos-Reis-y-Talita-Crisane-do-Amaral-Revisi\u00f3n:-Concejo-Internacional-de-Educaci\u00f3n-Cer\u00e1mica-CIECeramica-Edici\u00f3n,-producci\u00f3n-e-impresi\u00f3n:-Cer\u00e1mica-Amarilla,-P\u00e1gina-9,-Julio-2022.-Material-digital-gratuito-disponible-en-l\u00ednea:-hps:\/\/reviewceramics.wixsite.com\/culturaceramica\"><strong>Material digital gratuito disponible en l\u00ednea: <\/strong><span class=\"has-inline-color has-luminous-vivid-amber-color\"><strong>https:\/\/reviewceramics.wixsite.com\/culturaceramica<\/strong><\/span><\/p>\n\n\n\n<figure class=\"wp-block-gallery columns-3 is-cropped wp-block-gallery-1 is-layout-flex\"><ul class=\"blocks-gallery-grid\"><li class=\"blocks-gallery-item\"><figure><img decoding=\"async\" loading=\"lazy\" width=\"717\" height=\"864\" src=\"https:\/\/ecch-bue.infd.edu.ar\/sitio\/wp-content\/uploads\/2022\/08\/IMG_9373.jpg\" alt=\"\" data-id=\"1638\" data-full-url=\"https:\/\/ecch-bue.infd.edu.ar\/sitio\/wp-content\/uploads\/2022\/08\/IMG_9373.jpg\" data-link=\"https:\/\/ecch-bue.infd.edu.ar\/sitio\/investigacion\/img_9373\/#main\" class=\"wp-image-1638\"\/><\/figure><\/li><li class=\"blocks-gallery-item\"><figure><img decoding=\"async\" loading=\"lazy\" width=\"719\" height=\"867\" src=\"https:\/\/ecch-bue.infd.edu.ar\/sitio\/wp-content\/uploads\/2022\/08\/IMG_9374.jpg\" alt=\"\" data-id=\"1639\" data-full-url=\"https:\/\/ecch-bue.infd.edu.ar\/sitio\/wp-content\/uploads\/2022\/08\/IMG_9374.jpg\" data-link=\"https:\/\/ecch-bue.infd.edu.ar\/sitio\/investigacion\/img_9374\/#main\" class=\"wp-image-1639\"\/><\/figure><\/li><li class=\"blocks-gallery-item\"><figure><img decoding=\"async\" loading=\"lazy\" width=\"719\" height=\"866\" src=\"https:\/\/ecch-bue.infd.edu.ar\/sitio\/wp-content\/uploads\/2022\/08\/IMG_9375.jpg\" alt=\"\" data-id=\"1640\" data-full-url=\"https:\/\/ecch-bue.infd.edu.ar\/sitio\/wp-content\/uploads\/2022\/08\/IMG_9375.jpg\" data-link=\"https:\/\/ecch-bue.infd.edu.ar\/sitio\/investigacion\/img_9375\/#main\" class=\"wp-image-1640\"\/><\/figure><\/li><li class=\"blocks-gallery-item\"><figure><img decoding=\"async\" loading=\"lazy\" width=\"720\" height=\"868\" src=\"https:\/\/ecch-bue.infd.edu.ar\/sitio\/wp-content\/uploads\/2022\/08\/IMG_9376.jpg\" alt=\"\" data-id=\"1641\" data-full-url=\"https:\/\/ecch-bue.infd.edu.ar\/sitio\/wp-content\/uploads\/2022\/08\/IMG_9376.jpg\" data-link=\"https:\/\/ecch-bue.infd.edu.ar\/sitio\/investigacion\/img_9376\/#main\" class=\"wp-image-1641\"\/><\/figure><\/li><\/ul><\/figure>\n\n\n\n<div class=\"wp-block-file\"><a href=\"https:\/\/ecch-bue.infd.edu.ar\/sitio\/wp-content\/uploads\/2022\/08\/CulturaCera\u0301mica_2022.pdf\"><strong><span class=\"has-inline-color has-luminous-vivid-amber-color\">Descargar la Revista Cultura Cer\u00e1mica<\/span><\/strong><\/a><a href=\"https:\/\/ecch-bue.infd.edu.ar\/sitio\/wp-content\/uploads\/2022\/08\/CulturaCera\u0301mica_2022.pdf\" class=\"wp-block-file__button\" download>Descarga<\/a><\/div>\n\n\n\n<hr class=\"wp-block-separator\"\/>\n\n\n\n<p><strong><span style=\"font-family: Arial; color: #cc6600; font-size: 12pt;\"><span class=\"has-inline-color has-luminous-vivid-amber-color\">PROYECTO DE INVESTIGACION EN EL MARCO DE LA CONVOCATORIA \u201cCONOCER PARA INCIDIR SOBRE LAS PRACTICAS PEDAGOGICAS\u201d<\/span><\/span><\/strong><\/p>\n\n\n\n<p><strong><span style=\"font-family: Arial; color: #cc6600; font-size: 12pt;\"><span class=\"has-inline-color has-luminous-vivid-amber-color\">\u00abCer\u00e1mica y Arqueolog\u00eda\u00bb<\/span><br><\/span><\/strong><span style=\"font-family: book antiqua,palatino;\"><span style=\"font-family: comic sans ms,sans-serif;\"><span style=\"font-family: arial,helvetica,sans-serif;\"><span style=\"font-family: tahoma,arial,helvetica,sans-serif;\"><span style=\"font-family: helvetica;\"><span style=\"font-family: trebuchet ms,geneva;\"><span style=\"color: #cc6600; font-size: 12pt;\"><span style=\"color: #000000;\">INFD. Instituto Nacional de Formaci\u00f3n Docente. 2009. Res. 435 SE<\/span><br><span style=\"color: #000000;\">En el marco del convenio&nbsp; entre la Escuela de Cer\u00e1mica y&nbsp; la Facultad de Filosof\u00eda y Letras de la UBA&nbsp; desde el a\u00f1o 1997&nbsp; y formalizado en el 2004 Expediente 813.997 Res. CD n\u00b0 4066 <\/span><br><span style=\"color: #000000;\">Equipo de Investigaci\u00f3n: Directora: Profesora&nbsp;Alicia Francese,Profesora Guillermina Migu\u00e9liz,&nbsp; y Mariana Sabbatella, y&nbsp; alumnos de cuarto a\u00f1o del Profesorado en Artes Visuales (Orientaci\u00f3n Cer\u00e1mica).Docentes especialistas de la UBA Dra. Maria Isabel Gonz\u00e1lez de Bonaveri y Lic. Magdalena Fr\u00e8re.<\/span><\/span><\/span><\/span><\/span><\/span><\/span><\/span><\/p>\n\n\n\n<figure class=\"wp-block-image\"><img decoding=\"async\" loading=\"lazy\" width=\"465\" height=\"662\" src=\"https:\/\/ecch-bue.infd.edu.ar\/sitio\/wp-content\/uploads\/2021\/10\/Captura-de-Pantalla-2021-10-22-a-las-10.09.46.png\" alt=\"\" class=\"wp-image-1449\"\/><\/figure>\n\n\n\n<p><span style=\"font-family: book antiqua,palatino;\"><span style=\"font-family: comic sans ms,sans-serif;\"><span style=\"font-family: arial,helvetica,sans-serif;\"><span style=\"font-family: tahoma,arial,helvetica,sans-serif;\"><span style=\"font-family: helvetica;\"><span style=\"font-family: trebuchet ms,geneva;\"><span style=\"color: #cc6600; font-size: 12pt;\"><\/span><\/span><\/span><\/span><\/span><\/span><\/span><\/p>\n\n\n\n<p><\/p>\n","protected":false},"excerpt":{"rendered":"<p>CER\u00c1MICA Y ARQUEOLOG\u00cdA La Revista Internacional Cultura Cer\u00e1mica 2022 resultado del Festival Internacional de Cultura Cer\u00e1mica FICC del pasado 2021, public\u00f3 una nota en la que refleja el trabajo realizado de Cer\u00e1mica y Arqueolog\u00eda producci\u00f3n interdisciplinaria del conocimiento dirigido por la Lic. Alicia Francese con las profesoras Guillermina Migu\u00e9liz y Mariana Sabbatella junto a las &#8230; <a title=\"Investigaci\u00f3n\" class=\"read-more\" href=\"https:\/\/ecch-bue.infd.edu.ar\/sitio\/investigacion\/\" aria-label=\"More on Investigaci\u00f3n\">[+]<\/a><\/p>\n","protected":false},"author":24,"featured_media":0,"parent":0,"menu_order":0,"comment_status":"closed","ping_status":"closed","template":"","meta":[],"acf":[],"_links":{"self":[{"href":"https:\/\/ecch-bue.infd.edu.ar\/sitio\/wp-json\/wp\/v2\/pages\/725"}],"collection":[{"href":"https:\/\/ecch-bue.infd.edu.ar\/sitio\/wp-json\/wp\/v2\/pages"}],"about":[{"href":"https:\/\/ecch-bue.infd.edu.ar\/sitio\/wp-json\/wp\/v2\/types\/page"}],"author":[{"embeddable":true,"href":"https:\/\/ecch-bue.infd.edu.ar\/sitio\/wp-json\/wp\/v2\/users\/24"}],"replies":[{"embeddable":true,"href":"https:\/\/ecch-bue.infd.edu.ar\/sitio\/wp-json\/wp\/v2\/comments?post=725"}],"version-history":[{"count":5,"href":"https:\/\/ecch-bue.infd.edu.ar\/sitio\/wp-json\/wp\/v2\/pages\/725\/revisions"}],"predecessor-version":[{"id":1648,"href":"https:\/\/ecch-bue.infd.edu.ar\/sitio\/wp-json\/wp\/v2\/pages\/725\/revisions\/1648"}],"wp:attachment":[{"href":"https:\/\/ecch-bue.infd.edu.ar\/sitio\/wp-json\/wp\/v2\/media?parent=725"}],"curies":[{"name":"wp","href":"https:\/\/api.w.org\/{rel}","templated":true}]}}

Investigación

<pre class="wp-block-preformatted"><strong><span class="has-inline-color has-luminous-vivid-amber-color">CERÁMICA Y ARQUEOLOGÍA</span></strong></pre>



<p>La <strong><span class="has-inline-color has-luminous-vivid-amber-color">Revista Internacional Cultura Cerámica 2022</span></strong> resultado del <strong><span class="has-inline-color has-luminous-vivid-amber-color">Festival Internacional de Cultura Cerámica FICC</span></strong> del pasado 2021, publicó una nota en la que refleja el trabajo realizado de <span class="has-inline-color has-luminous-vivid-amber-color"><strong>Cerámica y Arqueología producción interdisciplinaria del conocimiento</strong></span> dirigido por la <strong><em><span class="has-inline-color has-luminous-vivid-amber-color">Lic. Alicia Francese</span></em></strong> con las profesoras <span class="has-inline-color has-luminous-vivid-amber-color"><strong><em>Guillermina Miguéliz</em></strong> </span>y <em><strong><span class="has-inline-color has-luminous-vivid-amber-color">Mariana Sabbatella</span></strong></em> junto a las <em><strong><span class="has-inline-color has-luminous-vivid-amber-color">Dras. María Isabel González</span></strong></em> y <strong><em><span class="has-inline-color has-luminous-vivid-amber-color">Magdalena Frere</span></em></strong> del Instituto de arqueología de la universidad de Buenos Aires.</p>



<blockquote class="wp-block-quote"><p><em>“…El libro escrito en español y titulado </em>CERÁMICA Y ARQUEOLOGÍA<em>. Producción interdisciplinaria del conocimiento publicado por el Instituto Superior de Formación Artística (hoy Escuela de Cerámica de Chascomús), es el resultado de un trabajo interdisciplinar entre ceramistas y arqueólogos, que investigó los aspectos artísticos, tecnológicos, culturales y, científicos presentes en la cerámica producida por los primeros habitantes de la LAS INVESTIGACIONES ARQUEOLÓGICAS Y DE RECUPERACIÓN A LOS SABERES LOCALES SON ESENCIALES PARA EL DESARROLLO DE PROCESOS EDUCATIVOS Y LA CONSTRUCCIÓN DE IDENTIDAD de la cuenca del Río Salado de la provincia de Buenos Aires República, hace más de dos mil quinientos años.</em></p><p><em>El interés principal de la publicación es presentar de forma didáctica los conocimientos para que ellos puedan hacer parte de los nuevos procesos pedagógicos y experiencias educativas innovadoras dirigidas a niños y jóvenes que requiere el patrimonio cultural argentino hoy…” *</em></p><cite>*<strong><em>Autor: </em></strong><em>Mayra Lucía Carrillo Colmenares / MLCC </em><strong><em>Periodicidad de la publicación: </em></strong><em>Anual </em><strong><em>Colaboraron en este número: </em></strong>Mariana Sabbatella, Alicia Francese, María Isabel González, Guillermina Migueliz Magdalena Frere, Cristiano Lima Sales, Isabela Frade, Rafael Grillo, Rômulo dos Reis y Talita Crisane do Amaral <strong>Revisión: </strong>Concejo Internacional de Educación Cerámica-CIECeramica <strong>Edición, producción e impresión: </strong>Cerámica Amarilla, Página 9, Julio 2022.</cite></blockquote>



<p></p>



<p id="La-Escuela-de-Cerámica-se-enorgullece-de-informar-que-la-Revista-Internacional-Cultura-Cerámica-2022-resultado-del-Festival-Internacional-de-Cultura-Cerámica-FICC-@ficceramic-del-pasado-año-publicó-una-nota-en-la-que-refleja-el-trabajo-realizado-de-Cerámica-y-arqueología-producción-interdisciplinaria-del-conocimiento-dirigido-por-la-Lic.-Alicia-Francese-con-las-profesoras-Guillermina-Miguéliz-y-Mariana-Sabbatella-junto-a-las-Dras.-María-Isabel-González-y-Magdalena-Frere-del-Instituto-de-arqueología-de-la-universidad-de-buenos-aires.--“…El-libro-escrito-en-español-y-titulado-CERÁMICA-Y-ARQUEOLOGÍA.-Producción-interdisciplinaria-del-conocimiento-publicado-por-el-Instituto-Superior-de-Formación-Artística-(hoy-Escuela-de-Cerámica-de-Chascomús),-es-el-resultado-de-un-trabajo-interdisciplinar-entre-ceramistas-y-arqueólogos,-que-investigó-los-aspectos-artísticos,-tecnológicos,-culturales-y,-científicos-presentes-en-la-cerámica-producida-por-los-primeros-habitantes-de-la-LAS-INVESTIGACIONES-ARQUEOLÓGICAS-Y-DE-RECUPERACIÓN-A-LOS-SABERES-LOCALES-SON-ESENCIALES-PARA-EL-DESARROLLO-DE-PROCESOS-EDUCATIVOS-Y-LA-CONSTRUCCIÓN-DE-IDENTIDAD-de-la-cuenca-del-Río-Salado-de-la-provincia-de-Buenos-Aires-República,-hace-más-de-dos-mil-quinientos-años.-El-interés-principal-de-la-publicación-es-presentar-de-forma-didáctica-los-conocimientos-para-que-ellos-puedan-hacer-parte-de-los-nuevos-procesos-pedagógicos-y-experiencias-educativas-innovadoras-dirigidas-a-niños-y-jóvenes-que-requiere-el-patrimonio-cultural-argentino-hoy…”-*----*Autor:-Mayra-Lucía-Carrillo-Colmenares-/-MLCC-Periodicidad-de-la-publicación:-Anual-Colaboraron-en-este-número:-Mariana-Sabbatella,-Alicia-Francese,-María-Isabel-González,-Guillermina-Migueliz-Magdalena-Frere,-Cristiano-Lima-Sales,-Isabela-Frade,-Rafael-Grillo,-Rômulo-dos-Reis-y-Talita-Crisane-do-Amaral-Revisión:-Concejo-Internacional-de-Educación-Cerámica-CIECeramica-Edición,-producción-e-impresión:-Cerámica-Amarilla,-Página-9,-Julio-2022.-Material-digital-gratuito-disponible-en-línea:-hps://reviewceramics.wixsite.com/culturaceramica"><strong>Material digital gratuito disponible en línea: </strong><span class="has-inline-color has-luminous-vivid-amber-color"><strong>https://reviewceramics.wixsite.com/culturaceramica</strong></span></p>



<figure class="wp-block-gallery columns-3 is-cropped wp-block-gallery-1 is-layout-flex"><ul class="blocks-gallery-grid"><li class="blocks-gallery-item"><figure><img decoding="async" loading="lazy" width="717" height="864" src="https://ecch-bue.infd.edu.ar/sitio/wp-content/uploads/2022/08/IMG_9373.jpg" alt="" data-id="1638" data-full-url="https://ecch-bue.infd.edu.ar/sitio/wp-content/uploads/2022/08/IMG_9373.jpg" data-link="https://ecch-bue.infd.edu.ar/sitio/investigacion/img_9373/#main" class="wp-image-1638"/></figure></li><li class="blocks-gallery-item"><figure><img decoding="async" loading="lazy" width="719" height="867" src="https://ecch-bue.infd.edu.ar/sitio/wp-content/uploads/2022/08/IMG_9374.jpg" alt="" data-id="1639" data-full-url="https://ecch-bue.infd.edu.ar/sitio/wp-content/uploads/2022/08/IMG_9374.jpg" data-link="https://ecch-bue.infd.edu.ar/sitio/investigacion/img_9374/#main" class="wp-image-1639"/></figure></li><li class="blocks-gallery-item"><figure><img decoding="async" loading="lazy" width="719" height="866" src="https://ecch-bue.infd.edu.ar/sitio/wp-content/uploads/2022/08/IMG_9375.jpg" alt="" data-id="1640" data-full-url="https://ecch-bue.infd.edu.ar/sitio/wp-content/uploads/2022/08/IMG_9375.jpg" data-link="https://ecch-bue.infd.edu.ar/sitio/investigacion/img_9375/#main" class="wp-image-1640"/></figure></li><li class="blocks-gallery-item"><figure><img decoding="async" loading="lazy" width="720" height="868" src="https://ecch-bue.infd.edu.ar/sitio/wp-content/uploads/2022/08/IMG_9376.jpg" alt="" data-id="1641" data-full-url="https://ecch-bue.infd.edu.ar/sitio/wp-content/uploads/2022/08/IMG_9376.jpg" data-link="https://ecch-bue.infd.edu.ar/sitio/investigacion/img_9376/#main" class="wp-image-1641"/></figure></li></ul></figure>



<div class="wp-block-file"><a href="https://ecch-bue.infd.edu.ar/sitio/wp-content/uploads/2022/08/CulturaCerámica_2022.pdf"><strong><span class="has-inline-color has-luminous-vivid-amber-color">Descargar la Revista Cultura Cerámica</span></strong></a><a href="https://ecch-bue.infd.edu.ar/sitio/wp-content/uploads/2022/08/CulturaCerámica_2022.pdf" class="wp-block-file__button" download>Descarga</a></div>



<hr class="wp-block-separator"/>



<p><strong><span style="font-family: Arial; color: #cc6600; font-size: 12pt;"><span class="has-inline-color has-luminous-vivid-amber-color">PROYECTO DE INVESTIGACION EN EL MARCO DE LA CONVOCATORIA “CONOCER PARA INCIDIR SOBRE LAS PRACTICAS PEDAGOGICAS”</span></span></strong></p>



<p><strong><span style="font-family: Arial; color: #cc6600; font-size: 12pt;"><span class="has-inline-color has-luminous-vivid-amber-color">«Cerámica y Arqueología»</span><br></span></strong><span style="font-family: book antiqua,palatino;"><span style="font-family: comic sans ms,sans-serif;"><span style="font-family: arial,helvetica,sans-serif;"><span style="font-family: tahoma,arial,helvetica,sans-serif;"><span style="font-family: helvetica;"><span style="font-family: trebuchet ms,geneva;"><span style="color: #cc6600; font-size: 12pt;"><span style="color: #000000;">INFD. Instituto Nacional de Formación Docente. 2009. Res. 435 SE</span><br><span style="color: #000000;">En el marco del convenio&nbsp; entre la Escuela de Cerámica y&nbsp; la Facultad de Filosofía y Letras de la UBA&nbsp; desde el año 1997&nbsp; y formalizado en el 2004 Expediente 813.997 Res. CD n° 4066 </span><br><span style="color: #000000;">Equipo de Investigación: Directora: Profesora&nbsp;Alicia Francese,Profesora Guillermina Miguéliz,&nbsp; y Mariana Sabbatella, y&nbsp; alumnos de cuarto año del Profesorado en Artes Visuales (Orientación Cerámica).Docentes especialistas de la UBA Dra. Maria Isabel González de Bonaveri y Lic. Magdalena Frère.</span></span></span></span></span></span></span></span></p>



<figure class="wp-block-image"><img decoding="async" loading="lazy" width="465" height="662" src="https://ecch-bue.infd.edu.ar/sitio/wp-content/uploads/2021/10/Captura-de-Pantalla-2021-10-22-a-las-10.09.46.png" alt="" class="wp-image-1449"/></figure>



<p><span style="font-family: book antiqua,palatino;"><span style="font-family: comic sans ms,sans-serif;"><span style="font-family: arial,helvetica,sans-serif;"><span style="font-family: tahoma,arial,helvetica,sans-serif;"><span style="font-family: helvetica;"><span style="font-family: trebuchet ms,geneva;"><span style="color: #cc6600; font-size: 12pt;"></span></span></span></span></span></span></span></p>



<p></p>

<p>CERÁMICA Y ARQUEOLOGÍA La Revista Internacional Cultura Cerámica 2022 resultado del Festival Internacional de Cultura Cerámica FICC del pasado 2021, publicó una nota en la que refleja el trabajo realizado de Cerámica y Arqueología producción interdisciplinaria del conocimiento dirigido por la Lic. Alicia Francese con las profesoras Guillermina Miguéliz y Mariana Sabbatella junto a las &#8230; <a title="Investigación" class="read-more" href="https://ecch-bue.infd.edu.ar/sitio/investigacion/" aria-label="More on Investigación">[+]</a></p>
