{"id":756,"date":"2018-06-28T01:17:37","date_gmt":"2018-06-28T04:17:37","guid":{"rendered":"https:\/\/ecch-bue.infd.edu.ar\/sitio\/autoridades\/"},"modified":"2025-10-08T18:12:44","modified_gmt":"2025-10-08T21:12:44","slug":"autoridades","status":"publish","type":"page","link":"https:\/\/ecch-bue.infd.edu.ar\/sitio\/autoridades\/","title":{"rendered":"Equipo de Conducci\u00f3n"},"content":{"rendered":"<p><span style=\"color: #cc6600; font-family: arial, helvetica, sans-serif; font-size: 12pt;\"><strong>Autoridades del Instituto<\/strong><\/span><\/p>\n<ul>\n<li><span style=\"font-family: tahoma,arial,helvetica,sans-serif; color: #cc6600; font-size: 16px;\"><span style=\"color: #000000;\">Directora: Prof. Alida Garc\u00eda Cuerva<br \/>\n<\/span><\/span><\/li>\n<li><span style=\"font-family: tahoma,arial,helvetica,sans-serif; color: #cc6600; font-size: 16px;\"><span style=\"color: #000000;\">Vicedirector: Prof. Victoria Vega<\/span><\/span><\/li>\n<li><span style=\"font-family: tahoma,arial,helvetica,sans-serif; color: #cc6600; font-size: 16px;\"><span style=\"color: #000000;\">Secretaria: Prof. <span class=\"il\">Candela<\/span> Larroud\u00e9<br \/>\n<\/span><\/span><\/li>\n<li><span style=\"font-family: tahoma,arial,helvetica,sans-serif; color: #cc6600; font-size: 16px;\"><span style=\"color: #000000;\">Jefe de \u00e1rea: Prof. Catalina C\u00e1ssera<br \/>\n<\/span><\/span><\/li>\n<\/ul>\n<p><span style=\"color: #cc6600; font-family: arial, helvetica, sans-serif; font-size: 12pt;\"><strong>Personal del Instituto<\/strong><\/span><\/p>\n<ul>\n<li><span style=\"font-family: tahoma,arial,helvetica,sans-serif; color: #cc6600; font-size: 16px;\"><span style=\"color: #000000;\">Preceptoras:\u00a0\u00a0<\/span><\/span>\n<ul>\n<li style=\"list-style-type: none;\">\n<ul>\n<li><span style=\"font-family: tahoma,arial,helvetica,sans-serif; color: #cc6600; font-size: 16px;\"><span style=\"color: #000000;\">Prof. Daniela Gonz\u00e1lez \u00a0 \u00a0 \u00a0 \u00a0 \u00a0 \u00a0 \u00a0 \u00a0 \u00a0\u00a0<\/span><\/span><\/li>\n<li><span style=\"font-family: tahoma,arial,helvetica,sans-serif; color: #cc6600; font-size: 16px;\"><span style=\"color: #000000;\">Prof. D\u00e9bora Simone<\/span><\/span><\/li>\n<li><span style=\"font-family: tahoma,arial,helvetica,sans-serif; color: #cc6600; font-size: 16px;\"><span style=\"color: #000000;\">Mar\u00eda Jos\u00e9 Bellingeri<\/span><\/span><\/li>\n<\/ul>\n<\/li>\n<\/ul>\n<\/li>\n<li><span style=\"font-family: tahoma,arial,helvetica,sans-serif; color: #cc6600; font-size: 16px;\"><span style=\"color: #000000;\">E.M.A.T.P: \u00a0 \u00a0 Mag. Mar\u00eda Laura Moulia<br \/>\n<\/span><\/span><\/li>\n<li><span style=\"font-family: tahoma,arial,helvetica,sans-serif; color: #cc6600; font-size: 16px;\"><span style=\"color: #000000;\">Bibliotecaria: \u00a0Julia Leclerq<\/span><\/span><\/li>\n<\/ul>\n<p><span style=\"color: #cc6600; font-family: arial, helvetica, sans-serif; font-size: 12pt;\"><strong>Ayudant\u00edas<\/strong><\/span><\/p>\n<ul>\n<li>Prof. Aguirre Mar\u00eda Fernanda<\/li>\n<li>Prof. Migu\u00e9liz Guillermina<\/li>\n<\/ul>\n","protected":false},"excerpt":{"rendered":"<p>Autoridades del Instituto Directora: Prof. Alida Garc\u00eda Cuerva Vicedirector: Prof. Victoria Vega Secretaria: Prof. Candela Larroud\u00e9 Jefe de \u00e1rea: Prof. Catalina C\u00e1ssera Personal del Instituto Preceptoras:\u00a0\u00a0 Prof. Daniela Gonz\u00e1lez \u00a0 \u00a0 \u00a0 \u00a0 \u00a0 \u00a0 \u00a0 \u00a0 \u00a0\u00a0 Prof. D\u00e9bora Simone Mar\u00eda Jos\u00e9 Bellingeri E.M.A.T.P: \u00a0 \u00a0 Mag. Mar\u00eda Laura Moulia Bibliotecaria: \u00a0Julia Leclerq Ayudant\u00edas &#8230; <a title=\"Equipo de Conducci\u00f3n\" class=\"read-more\" href=\"https:\/\/ecch-bue.infd.edu.ar\/sitio\/autoridades\/\" aria-label=\"More on Equipo de Conducci\u00f3n\">[+]<\/a><\/p>\n","protected":false},"author":47,"featured_media":0,"parent":0,"menu_order":0,"comment_status":"closed","ping_status":"closed","template":"","meta":[],"acf":[],"_links":{"self":[{"href":"https:\/\/ecch-bue.infd.edu.ar\/sitio\/wp-json\/wp\/v2\/pages\/756"}],"collection":[{"href":"https:\/\/ecch-bue.infd.edu.ar\/sitio\/wp-json\/wp\/v2\/pages"}],"about":[{"href":"https:\/\/ecch-bue.infd.edu.ar\/sitio\/wp-json\/wp\/v2\/types\/page"}],"author":[{"embeddable":true,"href":"https:\/\/ecch-bue.infd.edu.ar\/sitio\/wp-json\/wp\/v2\/users\/47"}],"replies":[{"embeddable":true,"href":"https:\/\/ecch-bue.infd.edu.ar\/sitio\/wp-json\/wp\/v2\/comments?post=756"}],"version-history":[{"count":12,"href":"https:\/\/ecch-bue.infd.edu.ar\/sitio\/wp-json\/wp\/v2\/pages\/756\/revisions"}],"predecessor-version":[{"id":2402,"href":"https:\/\/ecch-bue.infd.edu.ar\/sitio\/wp-json\/wp\/v2\/pages\/756\/revisions\/2402"}],"wp:attachment":[{"href":"https:\/\/ecch-bue.infd.edu.ar\/sitio\/wp-json\/wp\/v2\/media?parent=756"}],"curies":[{"name":"wp","href":"https:\/\/api.w.org\/{rel}","templated":true}]}}

Equipo de Conducción

<p><span style="color: #cc6600; font-family: arial, helvetica, sans-serif; font-size: 12pt;"><strong>Autoridades del Instituto</strong></span></p>
<ul>
<li><span style="font-family: tahoma,arial,helvetica,sans-serif; color: #cc6600; font-size: 16px;"><span style="color: #000000;">Directora: Prof. Alida García Cuerva<br />
</span></span></li>
<li><span style="font-family: tahoma,arial,helvetica,sans-serif; color: #cc6600; font-size: 16px;"><span style="color: #000000;">Vicedirector: Prof. Victoria Vega</span></span></li>
<li><span style="font-family: tahoma,arial,helvetica,sans-serif; color: #cc6600; font-size: 16px;"><span style="color: #000000;">Secretaria: Prof. <span class="il">Candela</span> Larroudé<br />
</span></span></li>
<li><span style="font-family: tahoma,arial,helvetica,sans-serif; color: #cc6600; font-size: 16px;"><span style="color: #000000;">Jefe de área: Prof. Catalina Cássera<br />
</span></span></li>
</ul>
<p><span style="color: #cc6600; font-family: arial, helvetica, sans-serif; font-size: 12pt;"><strong>Personal del Instituto</strong></span></p>
<ul>
<li><span style="font-family: tahoma,arial,helvetica,sans-serif; color: #cc6600; font-size: 16px;"><span style="color: #000000;">Preceptoras:  </span></span>
<ul>
<li style="list-style-type: none;">
<ul>
<li><span style="font-family: tahoma,arial,helvetica,sans-serif; color: #cc6600; font-size: 16px;"><span style="color: #000000;">Prof. Daniela González                   </span></span></li>
<li><span style="font-family: tahoma,arial,helvetica,sans-serif; color: #cc6600; font-size: 16px;"><span style="color: #000000;">Prof. Débora Simone</span></span></li>
<li><span style="font-family: tahoma,arial,helvetica,sans-serif; color: #cc6600; font-size: 16px;"><span style="color: #000000;">María José Bellingeri</span></span></li>
</ul>
</li>
</ul>
</li>
<li><span style="font-family: tahoma,arial,helvetica,sans-serif; color: #cc6600; font-size: 16px;"><span style="color: #000000;">E.M.A.T.P:     Mag. María Laura Moulia<br />
</span></span></li>
<li><span style="font-family: tahoma,arial,helvetica,sans-serif; color: #cc6600; font-size: 16px;"><span style="color: #000000;">Bibliotecaria:  Julia Leclerq</span></span></li>
</ul>
<p><span style="color: #cc6600; font-family: arial, helvetica, sans-serif; font-size: 12pt;"><strong>Ayudantías</strong></span></p>
<ul>
<li>Prof. Aguirre María Fernanda</li>
<li>Prof. Miguéliz Guillermina</li>
</ul>

<p>Autoridades del Instituto Directora: Prof. Alida García Cuerva Vicedirector: Prof. Victoria Vega Secretaria: Prof. Candela Larroudé Jefe de área: Prof. Catalina Cássera Personal del Instituto Preceptoras:   Prof. Daniela González                    Prof. Débora Simone María José Bellingeri E.M.A.T.P:     Mag. María Laura Moulia Bibliotecaria:  Julia Leclerq Ayudantías &#8230; <a title="Equipo de Conducción" class="read-more" href="https://ecch-bue.infd.edu.ar/sitio/autoridades/" aria-label="More on Equipo de Conducción">[+]</a></p>
