{"id":820,"date":"2018-07-31T18:00:22","date_gmt":"2018-07-31T21:00:22","guid":{"rendered":"https:\/\/ecch-bue.infd.edu.ar\/sitio\/?page_id=820"},"modified":"2023-12-07T21:18:35","modified_gmt":"2023-12-08T00:18:35","slug":"pav-2","status":"publish","type":"page","link":"https:\/\/ecch-bue.infd.edu.ar\/sitio\/pav-2\/","title":{"rendered":"Profesorado en Artes Visuales Orientaci\u00f3n Grabado"},"content":{"rendered":"<h3><img decoding=\"async\" loading=\"lazy\" class=\"alignnone size-medium wp-image-1509\" src=\"https:\/\/ecch-bue.infd.edu.ar\/sitio\/wp-content\/uploads\/2021\/12\/IMG_3524-scaled-e1639604488856-1000x416.jpg\" alt=\"\" width=\"1000\" height=\"416\" srcset=\"https:\/\/ecch-bue.infd.edu.ar\/sitio\/wp-content\/uploads\/2021\/12\/IMG_3524-scaled-e1639604488856-1000x416.jpg 1000w, https:\/\/ecch-bue.infd.edu.ar\/sitio\/wp-content\/uploads\/2021\/12\/IMG_3524-scaled-e1639604488856-1900x791.jpg 1900w, https:\/\/ecch-bue.infd.edu.ar\/sitio\/wp-content\/uploads\/2021\/12\/IMG_3524-scaled-e1639604488856-768x320.jpg 768w, https:\/\/ecch-bue.infd.edu.ar\/sitio\/wp-content\/uploads\/2021\/12\/IMG_3524-scaled-e1639604488856-1536x640.jpg 1536w, https:\/\/ecch-bue.infd.edu.ar\/sitio\/wp-content\/uploads\/2021\/12\/IMG_3524-scaled-e1639604488856-2048x853.jpg 2048w\" sizes=\"(max-width: 1000px) 100vw, 1000px\" \/><\/h3>\n<h3 style=\"text-align: center;\"><span style=\"color: #ff9900;\"><strong>Profesorado en Artes Visuales\u00a0Orientaci\u00f3n Grabado y Arte Impreso<\/strong><\/span><\/h3>\n<p>El docente de arte es un profesional cuya especificidad se centra en la ense\u00f1anza de los lenguajes art\u00edsticos, posicionado frente al arte y la cultura, su producci\u00f3n, transmisi\u00f3n y transformaci\u00f3n en diversos contextos, por lo cual cobran relevancia los saberes disciplinares propios de su campo vinculados a la producci\u00f3n, en estrecha relaci\u00f3n con el an\u00e1lisis y la cr\u00edtica conceptual, relacionados ineludiblemente como aquellos propios de los \u00e1mbitos pedag\u00f3gicos e institucionales. La pr\u00e1ctica profesional docente es una actividad compleja, hist\u00f3ricamente configurada y que, por tanto, implica necesariamente el desarrollo de capacidades para seleccionar cr\u00edticamente de los distintos campos conceptuales, los saberes para interpretar y abordar los problemas de la realidad educativa, producir conocimientos y reflexionar sobre las propias formas de actuaci\u00f3n profesional. El docente de arte visuales deber\u00e1 hacer del aula un lugar de intervenci\u00f3n pedag\u00f3gica promoviendo aprendizajes relevantes en cada alumno, a la par que deber\u00e1 ser capaz, a partir de sus conocimientos y su capacidad de gesti\u00f3n, de desarrollar acciones que contribuyan al mejoramiento de la ense\u00f1anza del campo de las artes visuales con una actitud participativa dentro de la instituci\u00f3n escolar, interactuando en espacios vinculados con la cultura local y sustentando su accionar a partir de una pr\u00e1ctica activa en la producci\u00f3n e investigaci\u00f3n de su disciplina.<\/p>\n<table border=\"0\" width=\"722\" cellspacing=\"0\" cellpadding=\"0\">\n<colgroup>\n<col width=\"109\" \/>\n<col width=\"249\" \/>\n<col width=\"364\" \/><\/colgroup>\n<tbody>\n<tr>\n<td class=\"xl73\" width=\"109\" height=\"56\">A\u00f1o<\/td>\n<td class=\"xl74\" width=\"249\">Espacio Curricular<\/td>\n<td class=\"xl75\" width=\"364\">Requisitos para cursar (acreditados al comienzo del ciclo lectivo o en condiciones de compensar hasta julio-agosto, por ser correlativos)<\/td>\n<\/tr>\n<tr>\n<td class=\"xl66\" height=\"17\"><\/td>\n<td class=\"xl67\" width=\"249\"><\/td>\n<td class=\"xl67\" width=\"364\"><\/td>\n<\/tr>\n<tr>\n<td class=\"xl74\" rowspan=\"11\" width=\"109\" height=\"209\">1\u00ba a\u00f1o<\/td>\n<td class=\"xl76\" width=\"249\">Lenguaje Visual I<\/td>\n<td class=\"xl68\" width=\"364\"><\/td>\n<\/tr>\n<tr>\n<td class=\"xl76\" width=\"249\" height=\"19\">Dibujo I<\/td>\n<td class=\"xl69\" width=\"364\"><\/td>\n<\/tr>\n<tr>\n<td class=\"xl76\" width=\"249\" height=\"19\">Pintura I<\/td>\n<td class=\"xl69\" width=\"364\"><\/td>\n<\/tr>\n<tr>\n<td class=\"xl76\" width=\"249\" height=\"19\">Escultura I<\/td>\n<td class=\"xl69\" width=\"364\"><\/td>\n<\/tr>\n<tr>\n<td class=\"xl76\" width=\"249\" height=\"19\">Grabado y Arte impreso I<\/td>\n<td class=\"xl70\" width=\"364\"><\/td>\n<\/tr>\n<tr>\n<td class=\"xl76\" width=\"249\" height=\"19\">Historia de las Artes Visuales I<\/td>\n<td class=\"xl69\" width=\"364\"><\/td>\n<\/tr>\n<tr>\n<td class=\"xl76\" width=\"249\" height=\"19\">Pr\u00e1ctica Docente I<\/td>\n<td class=\"xl69\" width=\"364\"><\/td>\n<\/tr>\n<tr>\n<td class=\"xl76\" width=\"249\" height=\"19\">Psicolog\u00eda de la Educaci\u00f3n I<\/td>\n<td class=\"xl69\" width=\"364\"><\/td>\n<\/tr>\n<tr>\n<td class=\"xl76\" width=\"249\" height=\"19\">Fundamentos de la Educaci\u00f3n<\/td>\n<td class=\"xl69\" width=\"364\"><\/td>\n<\/tr>\n<tr>\n<td class=\"xl76\" width=\"249\" height=\"19\">Historia Social General<\/td>\n<td class=\"xl69\" width=\"364\"><\/td>\n<\/tr>\n<tr>\n<td class=\"xl76\" width=\"249\" height=\"19\">EDI &#8211; TICs<\/td>\n<td class=\"xl71\" width=\"364\"><\/td>\n<\/tr>\n<tr>\n<td class=\"xl66\" height=\"17\"><\/td>\n<td class=\"xl77\" width=\"249\"><\/td>\n<td class=\"xl67\" width=\"364\"><\/td>\n<\/tr>\n<tr>\n<td class=\"xl73\" rowspan=\"10\" height=\"298\">2\u00ba a\u00f1o<\/td>\n<td class=\"xl76\" width=\"249\">Lenguaje Visual II<\/td>\n<td class=\"xl76\" width=\"364\">Lenguaje Visual I<\/td>\n<\/tr>\n<tr>\n<td class=\"xl76\" width=\"249\" height=\"19\">Dibujo II<\/td>\n<td class=\"xl76\" width=\"364\">Dibujo I; Lenguaje Visual I<\/td>\n<\/tr>\n<tr>\n<td class=\"xl76\" width=\"249\" height=\"37\">Pintura II<\/td>\n<td class=\"xl76\" width=\"364\">Pintura I; \u00a0Dibujo I; Lenguaje Visual I<\/td>\n<\/tr>\n<tr>\n<td class=\"xl76\" width=\"249\" height=\"19\">Escultura II<\/td>\n<td class=\"xl76\" width=\"364\">Escultura I; Dibujo I; Lenguaje Visual I<\/td>\n<\/tr>\n<tr>\n<td class=\"xl76\" width=\"249\" height=\"37\">Grabado y Arte impreso II<\/td>\n<td class=\"xl80\" width=\"364\">Grabado y Arte impreso I; Dibujo I; Lenguaje Visual I<\/td>\n<\/tr>\n<tr>\n<td class=\"xl76\" width=\"249\" height=\"19\">Historia de las Artes Visuales II<\/td>\n<td class=\"xl76\" width=\"364\">Historia de las Artes Visuales I<\/td>\n<\/tr>\n<tr>\n<td class=\"xl76\" width=\"249\" height=\"37\">Pr\u00e1ctica Docente II<\/td>\n<td class=\"xl76\" width=\"364\">Pr\u00e1ctica Docente I; Fundamentos de la educaci\u00f3n; Psicolog\u00eda de la Educaci\u00f3n I<\/td>\n<\/tr>\n<tr>\n<td class=\"xl76\" width=\"249\" height=\"37\">Historia sociopol\u00edtica de Latinoam\u00e9rica y Argentina<\/td>\n<td class=\"xl76\" width=\"364\">Historia Social General<\/td>\n<\/tr>\n<tr>\n<td class=\"xl76\" width=\"249\" height=\"37\">Did\u00e1ctica General<\/td>\n<td class=\"xl76\" width=\"364\">Fundamentos de la Educaci\u00f3n; Psicolog\u00eda de la Educaci\u00f3n I<\/td>\n<\/tr>\n<tr>\n<td class=\"xl76\" width=\"249\" height=\"37\">Psicolog\u00eda de la Educaci\u00f3n II<\/td>\n<td class=\"xl76\" width=\"364\">Psicolog\u00eda de la Educaci\u00f3n I; Fundamentos de la Educaci\u00f3n<\/td>\n<\/tr>\n<tr>\n<td class=\"xl66\" height=\"17\"><\/td>\n<td class=\"xl77\" width=\"249\"><\/td>\n<td class=\"xl77\" width=\"364\"><\/td>\n<\/tr>\n<tr>\n<td class=\"xl73\" rowspan=\"11\" height=\"395\">3\u00ba a\u00f1o<\/td>\n<td class=\"xl76\" width=\"249\">Lenguaje Visual III<\/td>\n<td class=\"xl85\" width=\"364\">Lenguaje Visual II<\/td>\n<\/tr>\n<tr>\n<td class=\"xl76\" width=\"249\" height=\"19\">Dibujo III<\/td>\n<td class=\"xl85\" width=\"364\">Dibujo II; Lenguaje Visual II<\/td>\n<\/tr>\n<tr>\n<td class=\"xl78\" width=\"249\" height=\"76\">Taller B\u00e1sico I &#8211; Grabado<\/td>\n<td class=\"xl89\" width=\"364\">Pintura II o Escultura II o Grabado y Arte impreso II (de acuerdo a la especialidad elegida); Dibujo II; Lenguaje Visual II<\/td>\n<\/tr>\n<tr>\n<td class=\"xl76\" width=\"249\" height=\"53\">Taller Complementario I &#8211; Escultura<\/td>\n<td class=\"xl85\" width=\"364\">Pintura II o Escultura II o Grabado II; Dibujo II; Lenguaje Visual II<\/td>\n<\/tr>\n<tr>\n<td class=\"xl76\" width=\"249\" height=\"53\">EDI &#8211; Pintura<\/td>\n<td class=\"xl85\" width=\"364\"><\/td>\n<\/tr>\n<tr>\n<td class=\"xl79\" height=\"19\">Medios Audiovisuales e imagen digital<\/td>\n<td class=\"xl85\" width=\"364\">Lenguaje Visual II; Dibujo II<\/td>\n<\/tr>\n<tr>\n<td class=\"xl76\" width=\"249\" height=\"40\">Historia de las Artes Visuales III<\/td>\n<td class=\"xl85\" width=\"364\">Historia de las Artes Visuales II<\/td>\n<\/tr>\n<tr>\n<td class=\"xl76\" width=\"249\" height=\"19\">Did\u00e1ctica de las Artes Visuales I<\/td>\n<td class=\"xl85\" width=\"364\">Did\u00e1ctica General; Psicolog\u00eda \u00a0de la Educaci\u00f3n II<\/td>\n<\/tr>\n<tr>\n<td class=\"xl76\" width=\"249\" height=\"23\">Pr\u00e1ctica Docente III *<\/td>\n<td class=\"xl85\" width=\"364\">2do a\u00f1o completo<\/td>\n<\/tr>\n<tr>\n<td class=\"xl76\" width=\"249\" height=\"37\">Pol\u00edtica Educativa<\/td>\n<td class=\"xl85\" width=\"364\">Did\u00e1ctica General; Historia sociopol\u00edtica de Latinoam\u00e9rica y Argentina<\/td>\n<\/tr>\n<tr>\n<td class=\"xl76\" width=\"249\" height=\"37\">Teor\u00edas del arte I<\/td>\n<td class=\"xl85\" width=\"364\">Historia sociopol\u00edtica de Latinoam\u00e9rica y Argentina; Historia de las Artes Visuales II<\/td>\n<\/tr>\n<tr>\n<td class=\"xl66\" height=\"19\"><\/td>\n<td class=\"xl77\" width=\"249\"><\/td>\n<td class=\"xl77\" width=\"364\"><\/td>\n<\/tr>\n<tr>\n<td class=\"xl86\" rowspan=\"8\" height=\"170\">4\u00ba a\u00f1o<\/td>\n<td class=\"xl76\" width=\"249\">Taller B\u00e1sico II &#8211; Grabado<\/td>\n<td class=\"xl76\" width=\"364\">Taller B\u00e1sico I; Dibujo III; Lenguaje Visual III<\/td>\n<\/tr>\n<tr>\n<td class=\"xl76\" width=\"249\" height=\"19\">Dibujo IV<\/td>\n<td class=\"xl76\" width=\"364\">Dibujo III; Lenguaje Visual III<\/td>\n<\/tr>\n<tr>\n<td class=\"xl76\" width=\"249\" height=\"37\">Taller Complementario II &#8211; Pintura<\/td>\n<td class=\"xl76\" width=\"364\">Pintura I o Escultura I o Grabado I; Lenguaje Visual II<\/td>\n<\/tr>\n<tr>\n<td class=\"xl76\" width=\"249\" height=\"19\">Artes Combinadas<\/td>\n<td class=\"xl76\" width=\"364\">Lenguaje Visual III; Dibujo II; Taller B\u00e1sico II<\/td>\n<\/tr>\n<tr>\n<td class=\"xl76\" width=\"249\" height=\"19\">Did\u00e1ctica de las Artes Visuales II<\/td>\n<td class=\"xl76\" width=\"364\">Did\u00e1ctica de las Artes Visuales I; Pol\u00edtica Educativa<\/td>\n<\/tr>\n<tr>\n<td class=\"xl80\" width=\"249\" height=\"19\">Pr\u00e1ctica Docente IV *<\/td>\n<td class=\"xl76\" width=\"364\">3er a\u00f1o completo<\/td>\n<\/tr>\n<tr>\n<td class=\"xl76\" width=\"249\" height=\"19\">Teor\u00edas del arte II<\/td>\n<td class=\"xl76\" width=\"364\">Teor\u00edas del arte I; Historia de \u00a0las Artes Visuales III<\/td>\n<\/tr>\n<tr>\n<td class=\"xl76\" width=\"249\" height=\"19\">Metodolog\u00eda de la investigaci\u00f3n<\/td>\n<td class=\"xl76\" width=\"364\">Teor\u00edas del arte I; Historia de\u00a0 las Artes Visuales III<\/td>\n<\/tr>\n<\/tbody>\n<\/table>\n<p><span style=\"color: #ff9900;\"><strong>T\u00edtulo: Profesor de Artes Visuales orientaci\u00f3n Grabado<\/strong><\/span><\/p>\n","protected":false},"excerpt":{"rendered":"<p>Profesorado en Artes Visuales\u00a0Orientaci\u00f3n Grabado y Arte Impreso El docente de arte es un profesional cuya especificidad se centra en la ense\u00f1anza de los lenguajes art\u00edsticos, posicionado frente al arte y la cultura, su producci\u00f3n, transmisi\u00f3n y transformaci\u00f3n en diversos contextos, por lo cual cobran relevancia los saberes disciplinares propios de su campo vinculados a &#8230; <a title=\"Profesorado en Artes Visuales Orientaci\u00f3n Grabado\" class=\"read-more\" href=\"https:\/\/ecch-bue.infd.edu.ar\/sitio\/pav-2\/\" aria-label=\"More on Profesorado en Artes Visuales Orientaci\u00f3n Grabado\">[+]<\/a><\/p>\n","protected":false},"author":27,"featured_media":0,"parent":0,"menu_order":0,"comment_status":"closed","ping_status":"closed","template":"","meta":[],"acf":[],"_links":{"self":[{"href":"https:\/\/ecch-bue.infd.edu.ar\/sitio\/wp-json\/wp\/v2\/pages\/820"}],"collection":[{"href":"https:\/\/ecch-bue.infd.edu.ar\/sitio\/wp-json\/wp\/v2\/pages"}],"about":[{"href":"https:\/\/ecch-bue.infd.edu.ar\/sitio\/wp-json\/wp\/v2\/types\/page"}],"author":[{"embeddable":true,"href":"https:\/\/ecch-bue.infd.edu.ar\/sitio\/wp-json\/wp\/v2\/users\/27"}],"replies":[{"embeddable":true,"href":"https:\/\/ecch-bue.infd.edu.ar\/sitio\/wp-json\/wp\/v2\/comments?post=820"}],"version-history":[{"count":18,"href":"https:\/\/ecch-bue.infd.edu.ar\/sitio\/wp-json\/wp\/v2\/pages\/820\/revisions"}],"predecessor-version":[{"id":2002,"href":"https:\/\/ecch-bue.infd.edu.ar\/sitio\/wp-json\/wp\/v2\/pages\/820\/revisions\/2002"}],"wp:attachment":[{"href":"https:\/\/ecch-bue.infd.edu.ar\/sitio\/wp-json\/wp\/v2\/media?parent=820"}],"curies":[{"name":"wp","href":"https:\/\/api.w.org\/{rel}","templated":true}]}}

Profesorado en Artes Visuales Orientación Grabado

<h3><img decoding="async" loading="lazy" class="alignnone size-medium wp-image-1509" src="https://ecch-bue.infd.edu.ar/sitio/wp-content/uploads/2021/12/IMG_3524-scaled-e1639604488856-1000x416.jpg" alt="" width="1000" height="416" srcset="https://ecch-bue.infd.edu.ar/sitio/wp-content/uploads/2021/12/IMG_3524-scaled-e1639604488856-1000x416.jpg 1000w, https://ecch-bue.infd.edu.ar/sitio/wp-content/uploads/2021/12/IMG_3524-scaled-e1639604488856-1900x791.jpg 1900w, https://ecch-bue.infd.edu.ar/sitio/wp-content/uploads/2021/12/IMG_3524-scaled-e1639604488856-768x320.jpg 768w, https://ecch-bue.infd.edu.ar/sitio/wp-content/uploads/2021/12/IMG_3524-scaled-e1639604488856-1536x640.jpg 1536w, https://ecch-bue.infd.edu.ar/sitio/wp-content/uploads/2021/12/IMG_3524-scaled-e1639604488856-2048x853.jpg 2048w" sizes="(max-width: 1000px) 100vw, 1000px" /></h3>
<h3 style="text-align: center;"><span style="color: #ff9900;"><strong>Profesorado en Artes Visuales Orientación Grabado y Arte Impreso</strong></span></h3>
<p>El docente de arte es un profesional cuya especificidad se centra en la enseñanza de los lenguajes artísticos, posicionado frente al arte y la cultura, su producción, transmisión y transformación en diversos contextos, por lo cual cobran relevancia los saberes disciplinares propios de su campo vinculados a la producción, en estrecha relación con el análisis y la crítica conceptual, relacionados ineludiblemente como aquellos propios de los ámbitos pedagógicos e institucionales. La práctica profesional docente es una actividad compleja, históricamente configurada y que, por tanto, implica necesariamente el desarrollo de capacidades para seleccionar críticamente de los distintos campos conceptuales, los saberes para interpretar y abordar los problemas de la realidad educativa, producir conocimientos y reflexionar sobre las propias formas de actuación profesional. El docente de arte visuales deberá hacer del aula un lugar de intervención pedagógica promoviendo aprendizajes relevantes en cada alumno, a la par que deberá ser capaz, a partir de sus conocimientos y su capacidad de gestión, de desarrollar acciones que contribuyan al mejoramiento de la enseñanza del campo de las artes visuales con una actitud participativa dentro de la institución escolar, interactuando en espacios vinculados con la cultura local y sustentando su accionar a partir de una práctica activa en la producción e investigación de su disciplina.</p>
<table border="0" width="722" cellspacing="0" cellpadding="0">
<colgroup>
<col width="109" />
<col width="249" />
<col width="364" /></colgroup>
<tbody>
<tr>
<td class="xl73" width="109" height="56">Año</td>
<td class="xl74" width="249">Espacio Curricular</td>
<td class="xl75" width="364">Requisitos para cursar (acreditados al comienzo del ciclo lectivo o en condiciones de compensar hasta julio-agosto, por ser correlativos)</td>
</tr>
<tr>
<td class="xl66" height="17"></td>
<td class="xl67" width="249"></td>
<td class="xl67" width="364"></td>
</tr>
<tr>
<td class="xl74" rowspan="11" width="109" height="209">1º año</td>
<td class="xl76" width="249">Lenguaje Visual I</td>
<td class="xl68" width="364"></td>
</tr>
<tr>
<td class="xl76" width="249" height="19">Dibujo I</td>
<td class="xl69" width="364"></td>
</tr>
<tr>
<td class="xl76" width="249" height="19">Pintura I</td>
<td class="xl69" width="364"></td>
</tr>
<tr>
<td class="xl76" width="249" height="19">Escultura I</td>
<td class="xl69" width="364"></td>
</tr>
<tr>
<td class="xl76" width="249" height="19">Grabado y Arte impreso I</td>
<td class="xl70" width="364"></td>
</tr>
<tr>
<td class="xl76" width="249" height="19">Historia de las Artes Visuales I</td>
<td class="xl69" width="364"></td>
</tr>
<tr>
<td class="xl76" width="249" height="19">Práctica Docente I</td>
<td class="xl69" width="364"></td>
</tr>
<tr>
<td class="xl76" width="249" height="19">Psicología de la Educación I</td>
<td class="xl69" width="364"></td>
</tr>
<tr>
<td class="xl76" width="249" height="19">Fundamentos de la Educación</td>
<td class="xl69" width="364"></td>
</tr>
<tr>
<td class="xl76" width="249" height="19">Historia Social General</td>
<td class="xl69" width="364"></td>
</tr>
<tr>
<td class="xl76" width="249" height="19">EDI &#8211; TICs</td>
<td class="xl71" width="364"></td>
</tr>
<tr>
<td class="xl66" height="17"></td>
<td class="xl77" width="249"></td>
<td class="xl67" width="364"></td>
</tr>
<tr>
<td class="xl73" rowspan="10" height="298">2º año</td>
<td class="xl76" width="249">Lenguaje Visual II</td>
<td class="xl76" width="364">Lenguaje Visual I</td>
</tr>
<tr>
<td class="xl76" width="249" height="19">Dibujo II</td>
<td class="xl76" width="364">Dibujo I; Lenguaje Visual I</td>
</tr>
<tr>
<td class="xl76" width="249" height="37">Pintura II</td>
<td class="xl76" width="364">Pintura I;  Dibujo I; Lenguaje Visual I</td>
</tr>
<tr>
<td class="xl76" width="249" height="19">Escultura II</td>
<td class="xl76" width="364">Escultura I; Dibujo I; Lenguaje Visual I</td>
</tr>
<tr>
<td class="xl76" width="249" height="37">Grabado y Arte impreso II</td>
<td class="xl80" width="364">Grabado y Arte impreso I; Dibujo I; Lenguaje Visual I</td>
</tr>
<tr>
<td class="xl76" width="249" height="19">Historia de las Artes Visuales II</td>
<td class="xl76" width="364">Historia de las Artes Visuales I</td>
</tr>
<tr>
<td class="xl76" width="249" height="37">Práctica Docente II</td>
<td class="xl76" width="364">Práctica Docente I; Fundamentos de la educación; Psicología de la Educación I</td>
</tr>
<tr>
<td class="xl76" width="249" height="37">Historia sociopolítica de Latinoamérica y Argentina</td>
<td class="xl76" width="364">Historia Social General</td>
</tr>
<tr>
<td class="xl76" width="249" height="37">Didáctica General</td>
<td class="xl76" width="364">Fundamentos de la Educación; Psicología de la Educación I</td>
</tr>
<tr>
<td class="xl76" width="249" height="37">Psicología de la Educación II</td>
<td class="xl76" width="364">Psicología de la Educación I; Fundamentos de la Educación</td>
</tr>
<tr>
<td class="xl66" height="17"></td>
<td class="xl77" width="249"></td>
<td class="xl77" width="364"></td>
</tr>
<tr>
<td class="xl73" rowspan="11" height="395">3º año</td>
<td class="xl76" width="249">Lenguaje Visual III</td>
<td class="xl85" width="364">Lenguaje Visual II</td>
</tr>
<tr>
<td class="xl76" width="249" height="19">Dibujo III</td>
<td class="xl85" width="364">Dibujo II; Lenguaje Visual II</td>
</tr>
<tr>
<td class="xl78" width="249" height="76">Taller Básico I &#8211; Grabado</td>
<td class="xl89" width="364">Pintura II o Escultura II o Grabado y Arte impreso II (de acuerdo a la especialidad elegida); Dibujo II; Lenguaje Visual II</td>
</tr>
<tr>
<td class="xl76" width="249" height="53">Taller Complementario I &#8211; Escultura</td>
<td class="xl85" width="364">Pintura II o Escultura II o Grabado II; Dibujo II; Lenguaje Visual II</td>
</tr>
<tr>
<td class="xl76" width="249" height="53">EDI &#8211; Pintura</td>
<td class="xl85" width="364"></td>
</tr>
<tr>
<td class="xl79" height="19">Medios Audiovisuales e imagen digital</td>
<td class="xl85" width="364">Lenguaje Visual II; Dibujo II</td>
</tr>
<tr>
<td class="xl76" width="249" height="40">Historia de las Artes Visuales III</td>
<td class="xl85" width="364">Historia de las Artes Visuales II</td>
</tr>
<tr>
<td class="xl76" width="249" height="19">Didáctica de las Artes Visuales I</td>
<td class="xl85" width="364">Didáctica General; Psicología  de la Educación II</td>
</tr>
<tr>
<td class="xl76" width="249" height="23">Práctica Docente III *</td>
<td class="xl85" width="364">2do año completo</td>
</tr>
<tr>
<td class="xl76" width="249" height="37">Política Educativa</td>
<td class="xl85" width="364">Didáctica General; Historia sociopolítica de Latinoamérica y Argentina</td>
</tr>
<tr>
<td class="xl76" width="249" height="37">Teorías del arte I</td>
<td class="xl85" width="364">Historia sociopolítica de Latinoamérica y Argentina; Historia de las Artes Visuales II</td>
</tr>
<tr>
<td class="xl66" height="19"></td>
<td class="xl77" width="249"></td>
<td class="xl77" width="364"></td>
</tr>
<tr>
<td class="xl86" rowspan="8" height="170">4º año</td>
<td class="xl76" width="249">Taller Básico II &#8211; Grabado</td>
<td class="xl76" width="364">Taller Básico I; Dibujo III; Lenguaje Visual III</td>
</tr>
<tr>
<td class="xl76" width="249" height="19">Dibujo IV</td>
<td class="xl76" width="364">Dibujo III; Lenguaje Visual III</td>
</tr>
<tr>
<td class="xl76" width="249" height="37">Taller Complementario II &#8211; Pintura</td>
<td class="xl76" width="364">Pintura I o Escultura I o Grabado I; Lenguaje Visual II</td>
</tr>
<tr>
<td class="xl76" width="249" height="19">Artes Combinadas</td>
<td class="xl76" width="364">Lenguaje Visual III; Dibujo II; Taller Básico II</td>
</tr>
<tr>
<td class="xl76" width="249" height="19">Didáctica de las Artes Visuales II</td>
<td class="xl76" width="364">Didáctica de las Artes Visuales I; Política Educativa</td>
</tr>
<tr>
<td class="xl80" width="249" height="19">Práctica Docente IV *</td>
<td class="xl76" width="364">3er año completo</td>
</tr>
<tr>
<td class="xl76" width="249" height="19">Teorías del arte II</td>
<td class="xl76" width="364">Teorías del arte I; Historia de  las Artes Visuales III</td>
</tr>
<tr>
<td class="xl76" width="249" height="19">Metodología de la investigación</td>
<td class="xl76" width="364">Teorías del arte I; Historia de  las Artes Visuales III</td>
</tr>
</tbody>
</table>
<p><span style="color: #ff9900;"><strong>Título: Profesor de Artes Visuales orientación Grabado</strong></span></p>

<p>Profesorado en Artes Visuales Orientación Grabado y Arte Impreso El docente de arte es un profesional cuya especificidad se centra en la enseñanza de los lenguajes artísticos, posicionado frente al arte y la cultura, su producción, transmisión y transformación en diversos contextos, por lo cual cobran relevancia los saberes disciplinares propios de su campo vinculados a &#8230; <a title="Profesorado en Artes Visuales Orientación Grabado" class="read-more" href="https://ecch-bue.infd.edu.ar/sitio/pav-2/" aria-label="More on Profesorado en Artes Visuales Orientación Grabado">[+]</a></p>
